Last updated on 2025-11-04 05:51:12 CET.
| Flavor | Version | Tinstall | Tcheck | Ttotal | Status | Flags | 
|---|---|---|---|---|---|---|
| r-devel-linux-x86_64-debian-clang | 1.8.0 | 34.91 | 283.00 | 317.91 | NOTE | |
| r-devel-linux-x86_64-debian-gcc | 1.8.0 | 22.85 | 176.59 | 199.44 | NOTE | |
| r-devel-linux-x86_64-fedora-clang | 1.8.0 | 162.00 | 359.03 | 521.03 | OK | |
| r-devel-linux-x86_64-fedora-gcc | 1.8.0 | 162.00 | 344.25 | 506.25 | OK | |
| r-devel-windows-x86_64 | 1.8.0 | 33.00 | 211.00 | 244.00 | NOTE | |
| r-patched-linux-x86_64 | 1.8.0 | 33.90 | 263.32 | 297.22 | NOTE | |
| r-release-linux-x86_64 | 1.8.0 | 29.68 | 262.23 | 291.91 | NOTE | |
| r-release-macos-arm64 | 1.8.0 | 15.00 | 114.00 | 129.00 | OK | |
| r-release-macos-x86_64 | 1.8.0 | 29.00 | 186.00 | 215.00 | OK | |
| r-release-windows-x86_64 | 1.8.0 | 32.00 | 207.00 | 239.00 | NOTE | |
| r-oldrel-macos-arm64 | 1.8.0 | 13.00 | 85.00 | 98.00 | OK | |
| r-oldrel-macos-x86_64 | 1.8.0 | 21.00 | 152.00 | 173.00 | OK | |
| r-oldrel-windows-x86_64 | 1.8.0 | 42.00 | 294.00 | 336.00 | OK | 
Version: 1.8.0
Check: Rd cross-references
Result: NOTE
  Found the following Rd file(s) with Rd \link{} targets missing package
  anchors:
    extract_gfc.Rd: writeRaster
    scale_by_pixel_area.Rd: dataType
    scale_toar.Rd: writeRaster
  Please provide package anchors for all Rd \link{} targets not in the
  package itself and the base packages.
Flavors: r-devel-linux-x86_64-debian-clang, r-devel-linux-x86_64-debian-gcc, r-devel-windows-x86_64, r-patched-linux-x86_64, r-release-linux-x86_64, r-release-windows-x86_64