CRAN Package Check Results for Package gettz

Last updated on 2025-11-04 11:52:31 CET.

Flavor Version Tinstall Tcheck Ttotal Status Flags
r-devel-linux-x86_64-debian-clang 0.0.5 2.75 20.28 23.03 NOTE
r-devel-linux-x86_64-debian-gcc 0.0.5 2.00 16.97 18.97 NOTE
r-devel-linux-x86_64-fedora-clang 0.0.5 32.26 OK
r-devel-linux-x86_64-fedora-gcc 0.0.5 11.00 19.70 30.70 OK
r-devel-windows-x86_64 0.0.5 7.00 40.00 47.00 OK
r-patched-linux-x86_64 0.0.5 2.33 17.93 20.26 OK
r-release-linux-x86_64 0.0.5 2.31 18.03 20.34 OK
r-release-macos-arm64 0.0.5 2.00 15.00 17.00 OK
r-release-macos-x86_64 0.0.5 4.00 21.00 25.00 OK
r-release-windows-x86_64 0.0.5 6.00 39.00 45.00 OK
r-oldrel-macos-arm64 0.0.5 2.00 13.00 15.00 OK
r-oldrel-macos-x86_64 0.0.5 3.00 18.00 21.00 OK
r-oldrel-windows-x86_64 0.0.5 5.00 40.00 45.00 OK

Check Details

Version: 0.0.5
Check: CRAN incoming feasibility
Result: NOTE Maintainer: ‘Dirk Eddelbuettel <edd@debian.org>’ No Authors@R field in DESCRIPTION. Please add one, modifying Authors@R: person(given = "Dirk", family = "Eddelbuettel", role = c("aut", "cre"), email = "edd@debian.org") as necessary. Flavors: r-devel-linux-x86_64-debian-clang, r-devel-linux-x86_64-debian-gcc

mirror server hosted at Truenetwork, Russian Federation.