Last updated on 2025-11-04 11:52:31 CET.
| Flavor | Version | Tinstall | Tcheck | Ttotal | Status | Flags | 
|---|---|---|---|---|---|---|
| r-devel-linux-x86_64-debian-clang | 0.38 | 12.57 | 107.91 | 120.48 | NOTE | |
| r-devel-linux-x86_64-debian-gcc | 0.38 | 9.14 | 73.02 | 82.16 | NOTE | |
| r-devel-linux-x86_64-fedora-clang | 0.38 | 55.00 | 143.12 | 198.12 | OK | |
| r-devel-linux-x86_64-fedora-gcc | 0.38 | 58.00 | 143.35 | 201.35 | OK | |
| r-devel-windows-x86_64 | 0.38 | 14.00 | 154.00 | 168.00 | OK | |
| r-patched-linux-x86_64 | 0.38 | 12.38 | 102.39 | 114.77 | OK | |
| r-release-linux-x86_64 | 0.38 | 10.51 | 103.58 | 114.09 | OK | |
| r-release-macos-arm64 | 0.38 | 6.00 | 78.00 | 84.00 | OK | |
| r-release-macos-x86_64 | 0.38 | 12.00 | 105.00 | 117.00 | OK | |
| r-release-windows-x86_64 | 0.38 | 13.00 | 139.00 | 152.00 | OK | |
| r-oldrel-macos-arm64 | 0.38 | 6.00 | 52.00 | 58.00 | OK | |
| r-oldrel-macos-x86_64 | 0.38 | 14.00 | 144.00 | 158.00 | OK | |
| r-oldrel-windows-x86_64 | 0.38 | 19.00 | 165.00 | 184.00 | OK | 
Version: 0.38
Check: CRAN incoming feasibility
Result: NOTE
  Maintainer: ‘Genaro Sucarrat <genaro.sucarrat@bi.no>’
  
  No Authors@R field in DESCRIPTION.
  Please add one, modifying
    Authors@R: c(person(given = "Genaro",
                        family = "Sucarrat",
                        role = c("aut", "cre"),
                        email = "genaro.sucarrat@bi.no"),
                 person(given = "Felix",
                        family = "Pretis",
                        role = "aut"),
                 person(given = "James",
                        family = "Reade",
                        role = "aut"),
                 person(given = "Jonas",
                        family = "Kurle",
                        role = "ctb"),
                 person(given = "Moritz",
                        family = "Schwarz",
                        role = "ctb"))
  as necessary.
Flavors: r-devel-linux-x86_64-debian-clang, r-devel-linux-x86_64-debian-gcc