Last updated on 2025-05-22 12:50:01 CEST.
Flavor | Version | Tinstall | Tcheck | Ttotal | Status | Flags |
---|---|---|---|---|---|---|
r-devel-linux-x86_64-debian-clang | 0.2.2 | 8.79 | 136.99 | 145.78 | NOTE | |
r-devel-linux-x86_64-debian-gcc | 0.2.2 | 5.33 | 104.16 | 109.49 | NOTE | |
r-devel-linux-x86_64-fedora-clang | 0.2.2 | 243.23 | OK | |||
r-devel-linux-x86_64-fedora-gcc | 0.2.2 | 247.91 | OK | |||
r-devel-windows-x86_64 | 0.2.2 | 6.00 | 156.00 | 162.00 | OK | |
r-patched-linux-x86_64 | 0.2.2 | 7.38 | 145.43 | 152.81 | OK | |
r-release-linux-x86_64 | 0.2.2 | 7.64 | 146.08 | 153.72 | OK | |
r-release-macos-arm64 | 0.2.2 | 117.00 | OK | |||
r-release-macos-x86_64 | 0.2.2 | 160.00 | OK | |||
r-release-windows-x86_64 | 0.2.2 | 6.00 | 157.00 | 163.00 | OK | |
r-oldrel-macos-arm64 | 0.2.2 | 71.00 | OK | |||
r-oldrel-macos-x86_64 | 0.2.2 | 117.00 | OK | |||
r-oldrel-windows-x86_64 | 0.2.2 | 6.00 | 200.00 | 206.00 | OK |
Version: 0.2.2
Check: CRAN incoming feasibility
Result: NOTE
Maintainer: ‘Lerato E Magosi <magosil86@gmail.com>’
Package CITATION file contains call(s) to old-style personList() or
as.personList(). Please use c() on person objects instead.
Package CITATION file contains call(s) to old-style citEntry(). Please
use bibentry() instead.
Flavors: r-devel-linux-x86_64-debian-clang, r-devel-linux-x86_64-debian-gcc