Last updated on 2025-05-22 12:50:01 CEST.
Flavor | Version | Tinstall | Tcheck | Ttotal | Status | Flags |
---|---|---|---|---|---|---|
r-devel-linux-x86_64-debian-clang | 0.1.1 | 2.04 | 23.06 | 25.10 | OK | |
r-devel-linux-x86_64-debian-gcc | 0.1.1 | 1.46 | 18.69 | 20.15 | OK | |
r-devel-linux-x86_64-fedora-clang | 0.1.1 | 42.31 | OK | |||
r-devel-linux-x86_64-fedora-gcc | 0.1.1 | 53.57 | OK | |||
r-devel-windows-x86_64 | 0.1.1 | 4.00 | 58.00 | 62.00 | OK | |
r-patched-linux-x86_64 | 0.1.1 | 2.18 | 22.34 | 24.52 | OK | |
r-release-linux-x86_64 | 0.1.1 | 2.08 | 22.24 | 24.32 | OK | |
r-release-macos-arm64 | 0.1.1 | 36.00 | OK | |||
r-release-macos-x86_64 | 0.1.1 | 77.00 | OK | |||
r-release-windows-x86_64 | 0.1.1 | 5.00 | 47.00 | 52.00 | OK | |
r-oldrel-macos-arm64 | 0.1.1 | 23.00 | NOTE | |||
r-oldrel-macos-x86_64 | 0.1.1 | 36.00 | NOTE | |||
r-oldrel-windows-x86_64 | 0.1.1 | 4.00 | 50.00 | 54.00 | NOTE |
Version: 0.1.1
Check: package dependencies
Result: NOTE
Package suggested but not available for checking: ‘geomarocdata’
Flavors: r-oldrel-macos-arm64, r-oldrel-macos-x86_64, r-oldrel-windows-x86_64