CRAN Package Check Results for Package geomaroc

Last updated on 2025-04-16 06:50:05 CEST.

Flavor Version Tinstall Tcheck Ttotal Status Flags
r-devel-linux-x86_64-debian-clang 0.1.1 1.76 22.80 24.56 OK
r-devel-linux-x86_64-debian-gcc 0.1.1 1.42 19.02 20.44 OK
r-devel-linux-x86_64-fedora-clang 0.1.1 42.15 OK
r-devel-linux-x86_64-fedora-gcc 0.1.1 53.45 OK
r-devel-windows-x86_64 0.1.1 4.00 44.00 48.00 OK
r-patched-linux-x86_64 0.1.1 2.14 22.57 24.71 OK
r-release-linux-x86_64 0.1.1 1.91 22.15 24.06 OK
r-release-macos-arm64 0.1.1 36.00 OK
r-release-macos-x86_64 0.1.1 77.00 OK
r-release-windows-x86_64 0.1.1 3.00 45.00 48.00 OK
r-oldrel-macos-arm64 0.1.1 23.00 NOTE
r-oldrel-macos-x86_64 0.1.1 36.00 NOTE
r-oldrel-windows-x86_64 0.1.1 4.00 47.00 51.00 NOTE

Check Details

Version: 0.1.1
Check: package dependencies
Result: NOTE Package suggested but not available for checking: ‘geomarocdata’ Flavors: r-oldrel-macos-arm64, r-oldrel-macos-x86_64, r-oldrel-windows-x86_64

mirror server hosted at Truenetwork, Russian Federation.