Last updated on 2025-11-28 17:48:40 CET.
| Flavor | Version | Tinstall | Tcheck | Ttotal | Status | Flags |
|---|---|---|---|---|---|---|
| r-devel-linux-x86_64-debian-clang | 1.1.2 | 41.56 | 34.39 | 75.95 | OK | |
| r-devel-linux-x86_64-debian-gcc | 1.1.2 | 30.96 | 27.58 | 58.54 | OK | |
| r-devel-linux-x86_64-fedora-clang | 1.1.2 | 95.00 | 39.32 | 134.32 | OK | |
| r-devel-linux-x86_64-fedora-gcc | 1.1.2 | 97.00 | 51.11 | 148.11 | OK | |
| r-devel-windows-x86_64 | 1.1.2 | 50.00 | 75.00 | 125.00 | OK | |
| r-patched-linux-x86_64 | 1.1.2 | 47.76 | 31.48 | 79.24 | OK | |
| r-release-linux-x86_64 | 1.1.2 | 45.67 | 31.18 | 76.85 | OK | |
| r-release-macos-arm64 | 1.1.2 | OK | ||||
| r-release-macos-x86_64 | 1.1.2 | 20.00 | 45.00 | 65.00 | OK | |
| r-release-windows-x86_64 | 1.1.2 | 47.00 | 73.00 | 120.00 | OK | |
| r-oldrel-macos-arm64 | 1.1.2 | NOTE | ||||
| r-oldrel-macos-x86_64 | 1.1.2 | 28.00 | 66.00 | 94.00 | NOTE | |
| r-oldrel-windows-x86_64 | 1.1.2 | 58.00 | 86.00 | 144.00 | OK |
Version: 1.1.2
Check: installed package size
Result: NOTE
installed size is 6.3Mb
sub-directories of 1Mb or more:
doc 1.3Mb
libs 4.9Mb
Flavors: r-oldrel-macos-arm64, r-oldrel-macos-x86_64