CRAN Package Check Results for Package geoFourierFDA

Last updated on 2025-07-13 00:48:26 CEST.

Flavor Version Tinstall Tcheck Ttotal Status Flags
r-devel-linux-x86_64-debian-clang 0.1.0 18.16 30.07 48.23 NOTE
r-devel-linux-x86_64-debian-gcc 0.1.0 12.38 23.53 35.91 NOTE
r-devel-linux-x86_64-fedora-clang 0.1.0 85.20 NOTE
r-devel-linux-x86_64-fedora-gcc 0.1.0 79.22 NOTE
r-devel-windows-x86_64 0.1.0 23.00 73.00 96.00 NOTE
r-patched-linux-x86_64 0.1.0 18.66 28.21 46.87 NOTE
r-release-linux-x86_64 0.1.0 17.44 27.66 45.10 NOTE
r-release-macos-arm64 0.1.0 27.00 NOTE
r-release-macos-x86_64 0.1.0 42.00 NOTE
r-release-windows-x86_64 0.1.0 24.00 71.00 95.00 NOTE
r-oldrel-macos-arm64 0.1.0 25.00 NOTE
r-oldrel-macos-x86_64 0.1.0 37.00 NOTE
r-oldrel-windows-x86_64 0.1.0 28.00 81.00 109.00 NOTE

Check Details

Version: 0.1.0
Check: C++ specification
Result: NOTE Specified C++11: please drop specification unless essential Flavors: r-devel-linux-x86_64-debian-clang, r-devel-linux-x86_64-debian-gcc, r-devel-linux-x86_64-fedora-clang, r-devel-linux-x86_64-fedora-gcc, r-devel-windows-x86_64, r-patched-linux-x86_64, r-release-linux-x86_64, r-release-macos-arm64, r-release-macos-x86_64, r-release-windows-x86_64, r-oldrel-macos-arm64, r-oldrel-macos-x86_64, r-oldrel-windows-x86_64

mirror server hosted at Truenetwork, Russian Federation.