Last updated on 2025-05-29 00:48:21 CEST.
Flavor | Version | Tinstall | Tcheck | Ttotal | Status | Flags |
---|---|---|---|---|---|---|
r-devel-linux-x86_64-debian-clang | 1.3 | 4.38 | 37.11 | 41.49 | NOTE | |
r-devel-linux-x86_64-debian-gcc | 1.3 | 3.55 | 28.91 | 32.46 | NOTE | |
r-devel-linux-x86_64-fedora-clang | 1.3 | 64.95 | NOTE | |||
r-devel-linux-x86_64-fedora-gcc | 1.3 | 63.74 | NOTE | |||
r-devel-windows-x86_64 | 1.3 | 6.00 | 61.00 | 67.00 | NOTE | |
r-patched-linux-x86_64 | 1.3 | 3.82 | 34.59 | 38.41 | NOTE | |
r-release-linux-x86_64 | 1.3 | 4.47 | 34.83 | 39.30 | NOTE | |
r-release-macos-arm64 | 1.3 | 24.00 | NOTE | |||
r-release-macos-x86_64 | 1.3 | 58.00 | NOTE | |||
r-release-windows-x86_64 | 1.3 | 6.00 | 62.00 | 68.00 | NOTE | |
r-oldrel-macos-arm64 | 1.3 | 22.00 | NOTE | |||
r-oldrel-macos-x86_64 | 1.3 | 30.00 | NOTE | |||
r-oldrel-windows-x86_64 | 1.3 | 7.00 | 66.00 | 73.00 | NOTE |
Version: 1.3
Check: CRAN incoming feasibility
Result: NOTE
Maintainer: ‘John P Nolan <jpnolan@american.edu>’
No Authors@R field in DESCRIPTION.
Please add one, modifying
Authors@R: person(given = c("John", "P"),
family = "Nolan",
role = c("aut", "cre"),
email = "jpnolan@american.edu")
as necessary.
Flavors: r-devel-linux-x86_64-debian-clang, r-devel-linux-x86_64-debian-gcc
Version: 1.3
Check: Rd files
Result: NOTE
checkRd: (-1) cfunc.new.Rd:57: Lost braces in \itemize; meant \describe ?
checkRd: (-1) cfunc.new.Rd:58-59: Lost braces in \itemize; meant \describe ?
checkRd: (-1) cfunc.new.Rd:60-61: Lost braces in \itemize; meant \describe ?
checkRd: (-1) cfunc.new.Rd:62: Lost braces in \itemize; meant \describe ?
checkRd: (-1) cfunc.new.Rd:63-64: Lost braces in \itemize; meant \describe ?
checkRd: (-1) cfunc.new.Rd:65: Lost braces in \itemize; meant \describe ?
Flavors: r-devel-linux-x86_64-debian-clang, r-devel-linux-x86_64-debian-gcc, r-devel-linux-x86_64-fedora-clang, r-devel-linux-x86_64-fedora-gcc, r-devel-windows-x86_64, r-patched-linux-x86_64, r-release-linux-x86_64, r-release-macos-arm64, r-release-macos-x86_64, r-release-windows-x86_64, r-oldrel-macos-arm64, r-oldrel-macos-x86_64, r-oldrel-windows-x86_64