Last updated on 2025-11-04 05:51:12 CET.
| Flavor | Version | Tinstall | Tcheck | Ttotal | Status | Flags | 
|---|---|---|---|---|---|---|
| r-devel-linux-x86_64-debian-clang | 1.0.2.2 | 13.44 | 105.39 | 118.83 | NOTE | |
| r-devel-linux-x86_64-debian-gcc | 1.0.2.2 | 9.87 | 73.91 | 83.78 | NOTE | |
| r-devel-linux-x86_64-fedora-clang | 1.0.2.2 | 52.00 | 139.48 | 191.48 | OK | |
| r-devel-linux-x86_64-fedora-gcc | 1.0.2.2 | 64.00 | 145.66 | 209.66 | OK | |
| r-devel-windows-x86_64 | 1.0.2.2 | 22.00 | 149.00 | 171.00 | OK | |
| r-patched-linux-x86_64 | 1.0.2.2 | 17.17 | 100.79 | 117.96 | OK | |
| r-release-linux-x86_64 | 1.0.2.2 | 13.09 | 100.90 | 113.99 | OK | |
| r-release-macos-arm64 | 1.0.2.2 | 8.00 | 63.00 | 71.00 | OK | |
| r-release-macos-x86_64 | 1.0.2.2 | 12.00 | 167.00 | 179.00 | OK | |
| r-release-windows-x86_64 | 1.0.2.2 | 20.00 | 144.00 | 164.00 | OK | |
| r-oldrel-macos-arm64 | 1.0.2.2 | 6.00 | 56.00 | 62.00 | OK | |
| r-oldrel-macos-x86_64 | 1.0.2.2 | 12.00 | 96.00 | 108.00 | OK | |
| r-oldrel-windows-x86_64 | 1.0.2.2 | 26.00 | 171.00 | 197.00 | OK | 
Version: 1.0.2.2
Check: CRAN incoming feasibility
Result: NOTE
  Maintainer: ‘Shiqing Yu <syu.phd@gmail.com>’
  
  No Authors@R field in DESCRIPTION.
  Please add one, modifying
    Authors@R: c(person(given = "Shiqing",
                        family = "Yu",
                        role = c("aut", "cre"),
                        email = "syu.phd@gmail.com"),
                 person(given = "Lina",
                        family = "Lin",
                        role = "aut"),
                 person(given = "Wally",
                        family = "Gilks",
                        role = "aut"))
  as necessary.
Flavors: r-devel-linux-x86_64-debian-clang, r-devel-linux-x86_64-debian-gcc