Last updated on 2025-11-04 05:51:12 CET.
| Flavor | Version | Tinstall | Tcheck | Ttotal | Status | Flags | 
|---|---|---|---|---|---|---|
| r-devel-linux-x86_64-debian-clang | 1.2.6 | 15.17 | 164.06 | 179.23 | NOTE | |
| r-devel-linux-x86_64-debian-gcc | 1.2.6 | 10.51 | 138.91 | 149.42 | NOTE | |
| r-devel-linux-x86_64-fedora-clang | 1.2.6 | 64.00 | 216.25 | 280.25 | NOTE | |
| r-devel-linux-x86_64-fedora-gcc | 1.2.6 | 74.00 | 217.90 | 291.90 | NOTE | |
| r-devel-windows-x86_64 | 1.2.6 | 19.00 | 192.00 | 211.00 | NOTE | |
| r-patched-linux-x86_64 | 1.2.6 | 18.44 | 160.84 | 179.28 | NOTE | |
| r-release-linux-x86_64 | 1.2.6 | 15.12 | 160.61 | 175.73 | NOTE | |
| r-release-macos-arm64 | 1.2.6 | 7.00 | 81.00 | 88.00 | NOTE | |
| r-release-macos-x86_64 | 1.2.6 | 12.00 | 135.00 | 147.00 | NOTE | |
| r-release-windows-x86_64 | 1.2.6 | 21.00 | 191.00 | 212.00 | NOTE | |
| r-oldrel-macos-arm64 | 1.2.6 | 6.00 | 73.00 | 79.00 | NOTE | |
| r-oldrel-macos-x86_64 | 1.2.6 | 10.00 | 110.00 | 120.00 | NOTE | |
| r-oldrel-windows-x86_64 | 1.2.6 | 28.00 | 247.00 | 275.00 | NOTE | 
Version: 1.2.6
Check: CRAN incoming feasibility
Result: NOTE
  Maintainer: ‘H. D. Vinod <vinod@fordham.edu>’
  
  No Authors@R field in DESCRIPTION.
  Please add one, modifying
    Authors@R: c(person(given = c("Prof.", "H.", "D."),
                        family = "Vinod",
                        role = "aut"),
                 person(given = "Fordham",
                        family = "University",
                        role = "aut"),
                 person(family = "NY.",
                        role = "aut"),
                 person(given = c("H.", "D."),
                        family = "Vinod",
                        role = "cre",
                        email = "vinod@fordham.edu"))
  as necessary.
Flavors: r-devel-linux-x86_64-debian-clang, r-devel-linux-x86_64-debian-gcc
Version: 1.2.6
Check: Rd files
Result: NOTE
  checkRd: (-1) EuroCrime.Rd:18: Lost braces; missing escapes or markup?
      18 | \item\code{Country} {Name of the European country}
         |                     ^
  checkRd: (-1) EuroCrime.Rd:19: Lost braces; missing escapes or markup?
      19 | \item\code{crim} {Per capita crime rate}
         |                  ^
  checkRd: (-1) EuroCrime.Rd:20: Lost braces; missing escapes or markup?
      20 | \item\code{off} {Per capita deployment of police officers}
         |                 ^
  checkRd: (-1) bootGcLC.Rd:26: Lost braces; missing escapes or markup?
      26 | out {is  n999 X 3 matrix for 3 outputs of GcauseX12 resampled}
         |     ^
  checkRd: (-1) bootGcRsq.Rd:26: Lost braces; missing escapes or markup?
      26 | out {is  n999 X 3 matrix for 3 outputs of GcauseX12 resampled}
         |     ^
  checkRd: (-1) bootPairs.Rd:18-22: Lost braces
      18 | out {When \code{mtx} has p columns, \code{out}
         |     ^
  checkRd: (-1) bootPairs0.Rd:18-22: Lost braces
      18 | out {When \code{mtx} has p columns, \code{out}
         |     ^
  checkRd: (-1) bootQuantile.Rd:20-28: Lost braces
      20 | CI {k quantiles evaluated at probs as a matrix with k rows 
         |    ^
  checkRd: (-1) bootSign.Rd:17-25: Lost braces
      17 | sgn {When \code{mtx} has p columns, \code{sgn}
         |     ^
  checkRd: (-1) bootSignPcent.Rd:17-25: Lost braces
      17 | sgn {When \code{mtx} has p columns, \code{sgn}
         |     ^
  checkRd: (-1) bootSummary.Rd:16-21: Lost braces
      16 | summ {summary output from the (n999 by p-1) matrix
         |      ^
  checkRd: (-1) bootSummary2.Rd:16-21: Lost braces
      16 | summ {a summary matrix (n999 by p-1) having usual parameters
         |      ^
  checkRd: (-1) causeSum2Panel.Rd:94: Lost braces
      94 | fminmax=function(x){min(x)==max(x)}.
         |                    ^
  checkRd: (-1) causeSum2Panel.Rd:106: Lost braces
     106 | We identify degeneracy using "fminmax=function(x){min(x)==max(x)}"
         |                                                  ^
  checkRd: (-1) probSign.Rd:17-25: Lost braces
      17 | sgn {When \code{mtx} has p columns, \code{sgn}
         |     ^
  checkRd: (-1) somePairs.Rd:39: Lost braces; missing escapes or markup?
      39 | {(typ=2)} 
         | ^
  checkRd: (-1) somePairs.Rd:44: Lost braces; missing escapes or markup?
      44 | {(typ=3)} 
         | ^
  checkRd: (-1) somePairs2.Rd:43: Lost braces; missing escapes or markup?
      43 | {(typ=2)} 
         | ^
  checkRd: (-1) somePairs2.Rd:48: Lost braces; missing escapes or markup?
      48 | {(typ=3)} 
         | ^
Flavors: r-devel-linux-x86_64-debian-clang, r-devel-linux-x86_64-debian-gcc, r-devel-linux-x86_64-fedora-clang, r-devel-linux-x86_64-fedora-gcc, r-devel-windows-x86_64, r-patched-linux-x86_64, r-release-linux-x86_64, r-release-macos-arm64, r-release-macos-x86_64, r-release-windows-x86_64, r-oldrel-macos-arm64, r-oldrel-macos-x86_64, r-oldrel-windows-x86_64