CRAN Package Check Results for Package geneExpressionFromGEO

Last updated on 2025-05-23 06:49:51 CEST.

Flavor Version Tinstall Tcheck Ttotal Status Flags
r-devel-linux-x86_64-debian-clang 1.2 2.06 48.61 50.67 OK
r-devel-linux-x86_64-debian-gcc 1.2 1.54 37.14 38.68 OK
r-devel-linux-x86_64-fedora-clang 1.2 75.61 NOTE
r-devel-linux-x86_64-fedora-gcc 1.2 87.39 NOTE
r-devel-windows-x86_64 1.2 4.00 165.00 169.00 OK
r-patched-linux-x86_64 1.2 1.90 44.96 46.86 OK
r-release-linux-x86_64 1.2 2.06 45.15 47.21 OK
r-release-macos-arm64 1.2 59.00 OK
r-release-macos-x86_64 1.2 76.00 OK
r-release-windows-x86_64 1.2 4.00 161.00 165.00 OK
r-oldrel-macos-arm64 1.2 45.00 OK
r-oldrel-macos-x86_64 1.2 102.00 OK
r-oldrel-windows-x86_64 1.2 4.00 159.00 163.00 OK

Check Details

Version: 1.2
Check: dependencies in R code
Result: NOTE Namespace in Imports field not imported from: ‘qpdf’ All declared Imports should be used. Flavors: r-devel-linux-x86_64-fedora-clang, r-devel-linux-x86_64-fedora-gcc

mirror server hosted at Truenetwork, Russian Federation.