Last updated on 2025-11-04 05:51:12 CET.
| Flavor | Version | Tinstall | Tcheck | Ttotal | Status | Flags | 
|---|---|---|---|---|---|---|
| r-devel-linux-x86_64-debian-clang | 1.1.1 | 4.39 | 280.45 | 284.84 | NOTE | |
| r-devel-linux-x86_64-debian-gcc | 1.1.1 | 3.21 | 155.25 | 158.46 | NOTE | |
| r-devel-linux-x86_64-fedora-clang | 1.1.1 | 15.00 | 471.89 | 486.89 | NOTE | |
| r-devel-linux-x86_64-fedora-gcc | 1.1.1 | 18.00 | 475.32 | 493.32 | NOTE | |
| r-devel-windows-x86_64 | 1.1.1 | 8.00 | 246.00 | 254.00 | NOTE | |
| r-patched-linux-x86_64 | 1.1.1 | 4.71 | 269.94 | 274.65 | NOTE | |
| r-release-linux-x86_64 | 1.1.1 | 4.07 | 256.70 | 260.77 | NOTE | |
| r-release-macos-arm64 | 1.1.1 | 3.00 | 112.00 | 115.00 | NOTE | |
| r-release-macos-x86_64 | 1.1.1 | 5.00 | 310.00 | 315.00 | NOTE | |
| r-release-windows-x86_64 | 1.1.1 | 7.00 | 241.00 | 248.00 | NOTE | |
| r-oldrel-macos-arm64 | 1.1.1 | 2.00 | 104.00 | 106.00 | NOTE | |
| r-oldrel-macos-x86_64 | 1.1.1 | 3.00 | 173.00 | 176.00 | NOTE | |
| r-oldrel-windows-x86_64 | 1.1.1 | 8.00 | 338.00 | 346.00 | NOTE | 
Version: 1.1.1
Check: Rd files
Result: NOTE
  checkRd: (-1) geexex.Rd:10: Lost braces in \itemize; meant \describe ?
  checkRd: (-1) geexex.Rd:11: Lost braces in \itemize; meant \describe ?
  checkRd: (-1) geexex.Rd:12: Lost braces in \itemize; meant \describe ?
  checkRd: (-1) geexex.Rd:13: Lost braces in \itemize; meant \describe ?
  checkRd: (-1) geexex.Rd:14: Lost braces in \itemize; meant \describe ?
  checkRd: (-1) geexex.Rd:15: Lost braces in \itemize; meant \describe ?
  checkRd: (-1) geexex.Rd:16: Lost braces in \itemize; meant \describe ?
  checkRd: (-1) geexex.Rd:17: Lost braces in \itemize; meant \describe ?
  checkRd: (-1) geexex.Rd:18: Lost braces in \itemize; meant \describe ?
Flavors: r-devel-linux-x86_64-debian-clang, r-devel-linux-x86_64-debian-gcc, r-devel-linux-x86_64-fedora-clang, r-devel-linux-x86_64-fedora-gcc, r-devel-windows-x86_64, r-patched-linux-x86_64, r-release-linux-x86_64, r-release-macos-arm64, r-release-macos-x86_64, r-release-windows-x86_64, r-oldrel-macos-arm64, r-oldrel-macos-x86_64, r-oldrel-windows-x86_64
Version: 1.1.1
Check: dependencies in R code
Result: NOTE
  Namespace in Imports field not imported from: ‘rootSolve’
    All declared Imports should be used.
Flavors: r-devel-linux-x86_64-fedora-clang, r-devel-linux-x86_64-fedora-gcc