Last updated on 2025-11-04 11:52:31 CET.
| Flavor | Version | Tinstall | Tcheck | Ttotal | Status | Flags | 
|---|---|---|---|---|---|---|
| r-devel-linux-x86_64-debian-clang | 0.1.0 | 5.62 | 77.81 | 83.43 | NOTE | |
| r-devel-linux-x86_64-debian-gcc | 0.1.0 | 4.96 | 57.93 | 62.89 | NOTE | |
| r-devel-linux-x86_64-fedora-clang | 0.1.0 | 24.00 | 110.25 | 134.25 | OK | |
| r-devel-linux-x86_64-fedora-gcc | 0.1.0 | 32.00 | 103.84 | 135.84 | OK | |
| r-devel-windows-x86_64 | 0.1.0 | 8.00 | 87.00 | 95.00 | OK | |
| r-patched-linux-x86_64 | 0.1.0 | 5.60 | 74.91 | 80.51 | OK | |
| r-release-linux-x86_64 | 0.1.0 | 5.43 | 74.64 | 80.07 | OK | |
| r-release-macos-arm64 | 0.1.0 | 3.00 | 40.00 | 43.00 | OK | |
| r-release-macos-x86_64 | 0.1.0 | 5.00 | 80.00 | 85.00 | OK | |
| r-release-windows-x86_64 | 0.1.0 | 8.00 | 83.00 | 91.00 | OK | |
| r-oldrel-macos-arm64 | 0.1.0 | 2.00 | 32.00 | 34.00 | OK | |
| r-oldrel-macos-x86_64 | 0.1.0 | 4.00 | 69.00 | 73.00 | OK | |
| r-oldrel-windows-x86_64 | 0.1.0 | 10.00 | 110.00 | 120.00 | OK | 
Version: 0.1.0
Check: CRAN incoming feasibility
Result: NOTE
  Maintainer: ‘Alex Hayes <alexpghayes@gmail.com>’
  
  The Description field contains
    see Chen et al. (2021) <arXiv:2108.03336> for details.
  Please refer to arXiv e-prints via their arXiv DOI <doi:10.48550/arXiv.YYMM.NNNNN>.
Flavors: r-devel-linux-x86_64-debian-clang, r-devel-linux-x86_64-debian-gcc