Last updated on 2025-11-04 11:52:31 CET.
| Flavor | Version | Tinstall | Tcheck | Ttotal | Status | Flags | 
|---|---|---|---|---|---|---|
| r-devel-linux-x86_64-debian-clang | 0.1.0 | 21.68 | 29.37 | 51.05 | NOTE | |
| r-devel-linux-x86_64-debian-gcc | 0.1.0 | 17.75 | 25.28 | 43.03 | NOTE | |
| r-devel-linux-x86_64-fedora-clang | 0.1.0 | 101.00 | -7.03 | 93.97 | OK | |
| r-devel-linux-x86_64-fedora-gcc | 0.1.0 | 54.00 | 43.11 | 97.11 | OK | |
| r-devel-windows-x86_64 | 0.1.0 | 28.00 | 65.00 | 93.00 | OK | |
| r-patched-linux-x86_64 | 0.1.0 | 22.44 | 29.99 | 52.43 | OK | |
| r-release-linux-x86_64 | 0.1.0 | 25.69 | 30.23 | 55.92 | OK | |
| r-release-macos-arm64 | 0.1.0 | 10.00 | 24.00 | 34.00 | OK | |
| r-release-macos-x86_64 | 0.1.0 | 18.00 | 43.00 | 61.00 | OK | |
| r-release-windows-x86_64 | 0.1.0 | 25.00 | 61.00 | 86.00 | OK | |
| r-oldrel-macos-arm64 | 0.1.0 | 9.00 | 22.00 | 31.00 | NOTE | |
| r-oldrel-macos-x86_64 | 0.1.0 | 13.00 | 36.00 | 49.00 | NOTE | |
| r-oldrel-windows-x86_64 | 0.1.0 | 33.00 | 77.00 | 110.00 | OK | 
Version: 0.1.0
Check: CRAN incoming feasibility
Result: NOTE
  Maintainer: ‘Stéphane Laurent <laurent_step@outlook.fr>’
  
  No Authors@R field in DESCRIPTION.
  Please add one, modifying
    Authors@R: person(given = "Stéphane",
                      family = "Laurent",
                      role = c("aut", "cre"),
                      email = "laurent_step@outlook.fr")
  as necessary.
Flavors: r-devel-linux-x86_64-debian-clang, r-devel-linux-x86_64-debian-gcc
Version: 0.1.0
Check: installed package size
Result: NOTE
    installed size is  6.6Mb
    sub-directories of 1Mb or more:
      libs   6.5Mb
Flavors: r-oldrel-macos-arm64, r-oldrel-macos-x86_64