Last updated on 2025-05-27 18:49:50 CEST.
Flavor | Version | Tinstall | Tcheck | Ttotal | Status | Flags |
---|---|---|---|---|---|---|
r-devel-linux-x86_64-debian-clang | 1.1.6 | 25.27 | 110.56 | 135.83 | NOTE | |
r-devel-linux-x86_64-debian-gcc | 1.1.6 | 17.28 | 82.25 | 99.53 | NOTE | |
r-devel-linux-x86_64-fedora-clang | 1.1.6 | 219.84 | OK | |||
r-devel-linux-x86_64-fedora-gcc | 1.1.6 | 216.93 | OK | |||
r-devel-windows-x86_64 | 1.1.6 | 33.00 | 176.00 | 209.00 | OK | |
r-patched-linux-x86_64 | 1.1.6 | 23.97 | 103.96 | 127.93 | OK | |
r-release-linux-x86_64 | 1.1.6 | 22.56 | 104.53 | 127.09 | OK | |
r-release-macos-arm64 | 1.1.6 | 89.00 | OK | |||
r-release-macos-x86_64 | 1.1.6 | 133.00 | OK | |||
r-release-windows-x86_64 | 1.1.6 | 32.00 | 176.00 | 208.00 | OK | |
r-oldrel-macos-arm64 | 1.1.6 | 60.00 | OK | |||
r-oldrel-macos-x86_64 | 1.1.6 | 112.00 | OK | |||
r-oldrel-windows-x86_64 | 1.1.6 | 37.00 | 197.00 | 234.00 | OK |
Version: 1.1.6
Check: CRAN incoming feasibility
Result: NOTE
Maintainer: ‘Fabien Navarro <fabien.navarro@math.cnrs.fr>’
The Description field contains
(2019) <arxiv:1906.01882>. The package also provides an interface to
Please refer to arXiv e-prints via their arXiv DOI <doi:10.48550/arXiv.YYMM.NNNNN>.
Flavors: r-devel-linux-x86_64-debian-clang, r-devel-linux-x86_64-debian-gcc