Last updated on 2025-11-04 05:51:11 CET.
| Flavor | Version | Tinstall | Tcheck | Ttotal | Status | Flags | 
|---|---|---|---|---|---|---|
| r-devel-linux-x86_64-debian-clang | 1.1.6 | 28.20 | 123.67 | 151.87 | NOTE | |
| r-devel-linux-x86_64-debian-gcc | 1.1.6 | 16.82 | 88.18 | 105.00 | NOTE | |
| r-devel-linux-x86_64-fedora-clang | 1.1.6 | 122.00 | 127.15 | 249.15 | OK | |
| r-devel-linux-x86_64-fedora-gcc | 1.1.6 | 46.00 | 187.37 | 233.37 | OK | |
| r-devel-windows-x86_64 | 1.1.6 | 35.00 | 184.00 | 219.00 | OK | |
| r-patched-linux-x86_64 | 1.1.6 | 26.56 | 115.64 | 142.20 | OK | |
| r-release-linux-x86_64 | 1.1.6 | 25.49 | 116.13 | 141.62 | OK | |
| r-release-macos-arm64 | 1.1.6 | 17.00 | 72.00 | 89.00 | OK | |
| r-release-macos-x86_64 | 1.1.6 | 18.00 | 115.00 | 133.00 | OK | |
| r-release-windows-x86_64 | 1.1.6 | 32.00 | 179.00 | 211.00 | OK | |
| r-oldrel-macos-arm64 | 1.1.6 | 11.00 | 49.00 | 60.00 | OK | |
| r-oldrel-macos-x86_64 | 1.1.6 | 16.00 | 96.00 | 112.00 | OK | |
| r-oldrel-windows-x86_64 | 1.1.6 | 40.00 | 213.00 | 253.00 | OK | 
Version: 1.1.6
Check: CRAN incoming feasibility
Result: NOTE
  Maintainer: ‘Fabien Navarro <fabien.navarro@math.cnrs.fr>’
  
  The Description field contains
    (2019) <arxiv:1906.01882>.  The package also provides an interface to
  Please refer to arXiv e-prints via their arXiv DOI <doi:10.48550/arXiv.YYMM.NNNNN>.
Flavors: r-devel-linux-x86_64-debian-clang, r-devel-linux-x86_64-debian-gcc