Last updated on 2025-11-04 05:51:11 CET.
| Flavor | Version | Tinstall | Tcheck | Ttotal | Status | Flags | 
|---|---|---|---|---|---|---|
| r-devel-linux-x86_64-debian-clang | 2.1-12 | 23.75 | 208.17 | 231.92 | NOTE | |
| r-devel-linux-x86_64-debian-gcc | 2.1-12 | 12.69 | 135.01 | 147.70 | NOTE | |
| r-devel-linux-x86_64-fedora-clang | 2.1-12 | 63.00 | 313.84 | 376.84 | NOTE | |
| r-devel-linux-x86_64-fedora-gcc | 2.1-12 | 50.00 | 290.39 | 340.39 | NOTE | |
| r-devel-windows-x86_64 | 2.1-12 | 23.00 | 190.00 | 213.00 | NOTE | |
| r-patched-linux-x86_64 | 2.1-12 | 20.58 | 199.47 | 220.05 | NOTE | |
| r-release-linux-x86_64 | 2.1-12 | 19.73 | 195.56 | 215.29 | NOTE | |
| r-release-macos-arm64 | 2.1-12 | 9.00 | 78.00 | 87.00 | NOTE | |
| r-release-macos-x86_64 | 2.1-12 | 20.00 | 162.00 | 182.00 | NOTE | |
| r-release-windows-x86_64 | 2.1-12 | 25.00 | 185.00 | 210.00 | NOTE | |
| r-oldrel-macos-arm64 | 2.1-12 | 8.00 | 70.00 | 78.00 | OK | |
| r-oldrel-macos-x86_64 | 2.1-12 | 14.00 | 151.00 | 165.00 | OK | |
| r-oldrel-windows-x86_64 | 2.1-12 | 32.00 | 254.00 | 286.00 | OK | 
Version: 2.1-12
Check: DESCRIPTION meta-information
Result: NOTE
    Missing dependency on R >= 4.1.0 because package code uses the pipe
    |> or function shorthand \(...) syntax added in R 4.1.0.
    File(s) using such syntax:
      ‘Bucket_plot.R’
Flavors: r-devel-linux-x86_64-debian-clang, r-devel-linux-x86_64-debian-gcc, r-devel-linux-x86_64-fedora-clang, r-devel-linux-x86_64-fedora-gcc, r-devel-windows-x86_64, r-patched-linux-x86_64, r-release-linux-x86_64, r-release-macos-arm64, r-release-macos-x86_64, r-release-windows-x86_64
Version: 2.1-12
Check: Rd cross-references
Result: NOTE
  Found the following Rd file(s) with Rd \link{} targets missing package
  anchors:
    family_pdf.Rd: gamlss
    fitted_cdf.Rd: gamlss
    fitted_devianceIncr.Rd: gamlss
    model_pca.Rd: gamlss
    resid_plot.Rd: gamlss, plot.gamlss
  Please provide package anchors for all Rd \link{} targets not in the
  package itself and the base packages.
Flavors: r-devel-linux-x86_64-debian-clang, r-devel-linux-x86_64-debian-gcc, r-devel-windows-x86_64, r-patched-linux-x86_64, r-release-linux-x86_64, r-release-windows-x86_64