Last updated on 2025-11-04 11:52:31 CET.
| Flavor | Version | Tinstall | Tcheck | Ttotal | Status | Flags | 
|---|---|---|---|---|---|---|
| r-devel-linux-x86_64-debian-clang | 1.1.88 | 5.88 | 56.67 | 62.55 | NOTE | |
| r-devel-linux-x86_64-debian-gcc | 1.1.88 | 5.06 | 42.20 | 47.26 | NOTE | |
| r-devel-linux-x86_64-fedora-clang | 1.1.88 | 22.00 | 76.02 | 98.02 | OK | |
| r-devel-linux-x86_64-fedora-gcc | 1.1.88 | 16.00 | 74.58 | 90.58 | OK | |
| r-devel-windows-x86_64 | 1.1.88 | 8.00 | 68.00 | 76.00 | NOTE | |
| r-patched-linux-x86_64 | 1.1.88 | 6.63 | 55.42 | 62.05 | NOTE | |
| r-release-linux-x86_64 | 1.1.88 | 6.86 | 54.33 | 61.19 | NOTE | |
| r-release-macos-arm64 | 1.1.88 | 4.00 | 30.00 | 34.00 | OK | |
| r-release-macos-x86_64 | 1.1.88 | 6.00 | 54.00 | 60.00 | OK | |
| r-release-windows-x86_64 | 1.1.88 | 8.00 | 65.00 | 73.00 | NOTE | |
| r-oldrel-macos-arm64 | 1.1.88 | 4.00 | 29.00 | 33.00 | OK | |
| r-oldrel-macos-x86_64 | 1.1.88 | 4.00 | 48.00 | 52.00 | OK | |
| r-oldrel-windows-x86_64 | 1.1.88 | 10.00 | 81.00 | 91.00 | OK | 
Version: 1.1.88
Check: CRAN incoming feasibility
Result: NOTE
  Maintainer: ‘Holger Reulen <hreulen@uni-goettingen.de>’
  
  No Authors@R field in DESCRIPTION.
  Please add one, modifying
    Authors@R: person(given = "Holger",
                      family = "Reulen",
                      role = c("aut", "cre"),
                      email = "hreulen@uni-goettingen.de")
  as necessary.
Flavors: r-devel-linux-x86_64-debian-clang, r-devel-linux-x86_64-debian-gcc
Version: 1.1.88
Check: Rd cross-references
Result: NOTE
  Found the following Rd file(s) with Rd \link{} targets missing package
  anchors:
    gamboostMSM-package.Rd: mboost
  Please provide package anchors for all Rd \link{} targets not in the
  package itself and the base packages.
Flavors: r-devel-linux-x86_64-debian-clang, r-devel-linux-x86_64-debian-gcc, r-devel-windows-x86_64, r-patched-linux-x86_64, r-release-linux-x86_64, r-release-windows-x86_64