Last updated on 2025-11-04 11:52:31 CET.
| Flavor | Version | Tinstall | Tcheck | Ttotal | Status | Flags | 
|---|---|---|---|---|---|---|
| r-devel-linux-x86_64-debian-clang | 0.2.5 | 5.85 | 41.43 | 47.28 | OK | |
| r-devel-linux-x86_64-debian-gcc | 0.2.5 | 4.26 | 30.37 | 34.63 | OK | |
| r-devel-linux-x86_64-fedora-clang | 0.2.5 | 29.00 | 44.06 | 73.06 | NOTE | |
| r-devel-linux-x86_64-fedora-gcc | 0.2.5 | 15.00 | 50.24 | 65.24 | NOTE | |
| r-devel-windows-x86_64 | 0.2.5 | 8.00 | 58.00 | 66.00 | OK | |
| r-patched-linux-x86_64 | 0.2.5 | 6.22 | 38.45 | 44.67 | OK | |
| r-release-linux-x86_64 | 0.2.5 | 5.95 | 37.40 | 43.35 | OK | |
| r-release-macos-arm64 | 0.2.5 | 3.00 | 23.00 | 26.00 | OK | |
| r-release-macos-x86_64 | 0.2.5 | 6.00 | 37.00 | 43.00 | OK | |
| r-release-windows-x86_64 | 0.2.5 | 9.00 | 56.00 | 65.00 | OK | |
| r-oldrel-macos-arm64 | 0.2.5 | 3.00 | 21.00 | 24.00 | OK | |
| r-oldrel-macos-x86_64 | 0.2.5 | 6.00 | 34.00 | 40.00 | OK | |
| r-oldrel-windows-x86_64 | 0.2.5 | 10.00 | 69.00 | 79.00 | OK | 
Version: 0.2.5
Check: dependencies in R code
Result: NOTE
  Namespaces in Imports field not imported from:
    ‘gargle’ ‘getProxy’ ‘rappsflyer’ ‘rfacebookstat’ ‘rgoogleads’
    ‘rmytarget’ ‘rvkstat’ ‘ryandexdirect’ ‘rym’ ‘tidyr’
    All declared Imports should be used.
Flavors: r-devel-linux-x86_64-fedora-clang, r-devel-linux-x86_64-fedora-gcc