Last updated on 2025-02-21 17:50:43 CET.
Flavor | Version | Tinstall | Tcheck | Ttotal | Status | Flags |
---|---|---|---|---|---|---|
r-devel-linux-x86_64-debian-clang | 0.3.4 | 97.17 | 237.69 | 334.86 | OK | |
r-devel-linux-x86_64-debian-gcc | 0.3.4 | 70.63 | 159.04 | 229.67 | OK | |
r-devel-linux-x86_64-fedora-clang | 0.3.4 | 563.28 | OK | |||
r-devel-linux-x86_64-fedora-gcc | 0.3.4 | 546.50 | OK | |||
r-devel-macos-arm64 | 0.3.4 | 136.00 | OK | |||
r-devel-macos-x86_64 | 0.3.4 | 235.00 | OK | |||
r-devel-windows-x86_64 | 0.3.4 | 100.00 | 220.00 | 320.00 | OK | |
r-patched-linux-x86_64 | 0.3.4 | 91.63 | 225.99 | 317.62 | OK | |
r-release-linux-x86_64 | 0.3.4 | 89.05 | 225.51 | 314.56 | OK | |
r-release-macos-arm64 | 0.3.4 | 139.00 | NOTE | |||
r-release-macos-x86_64 | 0.3.4 | 232.00 | NOTE | |||
r-release-windows-x86_64 | 0.3.4 | 99.00 | 235.00 | 334.00 | NOTE | |
r-oldrel-macos-arm64 | 0.3.4 | 144.00 | NOTE | |||
r-oldrel-macos-x86_64 | 0.3.4 | 217.00 | NOTE | |||
r-oldrel-windows-x86_64 | 0.3.4 | 126.00 | 319.00 | 445.00 | NOTE |
Version: 0.3.4
Check: installed package size
Result: NOTE
installed size is 9.7Mb
sub-directories of 1Mb or more:
libs 5.6Mb
supplementary_material 3.1Mb
Flavors: r-release-macos-arm64, r-release-macos-x86_64, r-release-windows-x86_64, r-oldrel-macos-arm64, r-oldrel-macos-x86_64, r-oldrel-windows-x86_64