Last updated on 2025-11-04 05:51:12 CET.
| Flavor | Version | Tinstall | Tcheck | Ttotal | Status | Flags | 
|---|---|---|---|---|---|---|
| r-devel-linux-x86_64-debian-clang | 2.0.3 | 188.94 | 116.05 | 304.99 | OK | |
| r-devel-linux-x86_64-debian-gcc | 2.0.3 | 131.26 | 85.22 | 216.48 | OK | |
| r-devel-linux-x86_64-fedora-clang | 2.0.3 | 331.00 | 255.52 | 586.52 | OK | |
| r-devel-linux-x86_64-fedora-gcc | 2.0.3 | 291.00 | 265.56 | 556.56 | OK | |
| r-devel-windows-x86_64 | 2.0.3 | 230.00 | 155.00 | 385.00 | OK | |
| r-patched-linux-x86_64 | 2.0.3 | 203.88 | 111.60 | 315.48 | OK | |
| r-release-linux-x86_64 | 2.0.3 | 199.77 | 112.46 | 312.23 | OK | |
| r-release-macos-arm64 | 2.0.3 | 64.00 | 66.00 | 130.00 | OK | |
| r-release-macos-x86_64 | 2.0.3 | 54.00 | 117.00 | 171.00 | OK | |
| r-release-windows-x86_64 | 2.0.3 | 220.00 | 154.00 | 374.00 | OK | |
| r-oldrel-macos-arm64 | 2.0.3 | 69.00 | 58.00 | 127.00 | NOTE | |
| r-oldrel-macos-x86_64 | 2.0.3 | 80.00 | 103.00 | 183.00 | NOTE | |
| r-oldrel-windows-x86_64 | 2.0.3 | 261.00 | 201.00 | 462.00 | NOTE | 
Version: 2.0.3
Check: installed package size
Result: NOTE
    installed size is 15.7Mb
    sub-directories of 1Mb or more:
      data   3.9Mb
      libs  10.5Mb
Flavors: r-oldrel-macos-arm64, r-oldrel-macos-x86_64, r-oldrel-windows-x86_64