CRAN Package Check Results for Package fxregime

Last updated on 2025-07-16 00:49:42 CEST.

Flavor Version Tinstall Tcheck Ttotal Status Flags
r-devel-linux-x86_64-debian-clang 1.0-4 3.81 39.34 43.15 NOTE --no-vignettes
r-devel-linux-x86_64-debian-gcc 1.0-4 2.67 28.80 31.47 NOTE --no-vignettes
r-devel-linux-x86_64-fedora-clang 1.0-4 836.51 OK
r-devel-linux-x86_64-fedora-gcc 1.0-4 826.58 OK
r-devel-windows-x86_64 1.0-4 5.00 75.00 80.00 OK --no-vignettes
r-patched-linux-x86_64 1.0-4 3.20 36.12 39.32 OK --no-vignettes
r-release-linux-x86_64 1.0-4 2.96 36.07 39.03 OK --no-vignettes
r-release-macos-arm64 1.0-4 196.00 OK
r-release-macos-x86_64 1.0-4 404.00 OK
r-release-windows-x86_64 1.0-4 7.00 80.00 87.00 OK --no-vignettes
r-oldrel-macos-arm64 1.0-4 198.00 OK
r-oldrel-macos-x86_64 1.0-4 299.00 OK
r-oldrel-windows-x86_64 1.0-4 7.00 70.00 77.00 OK --no-vignettes

Check Details

Version: 1.0-4
Flags: --no-vignettes
Check: CRAN incoming feasibility
Result: NOTE Maintainer: ‘Achim Zeileis <Achim.Zeileis@R-project.org>’ Package CITATION file contains call(s) to old-style personList() or as.personList(). Please use c() on person objects instead. Package CITATION file contains call(s) to old-style citEntry(). Please use bibentry() instead. Found the following URLs which should use \doi (with the DOI name only): File ‘confint.fxregimes.Rd’: http://dx.doi.org/10.1016/j.csda.2009.12.005 File ‘fxlm.Rd’: http://dx.doi.org/10.1016/j.csda.2009.12.005 File ‘fxmonitor.Rd’: http://dx.doi.org/10.1016/j.csda.2009.12.005 File ‘fxregimes.Rd’: http://dx.doi.org/10.1016/j.csda.2009.12.005 File ‘fxreturns.Rd’: http://dx.doi.org/10.1016/j.csda.2009.12.005 File ‘fxtools.Rd’: http://dx.doi.org/10.1016/j.csda.2009.12.005 Flavors: r-devel-linux-x86_64-debian-clang, r-devel-linux-x86_64-debian-gcc

mirror server hosted at Truenetwork, Russian Federation.