CRAN Package Check Results for Package fuzzr

Last updated on 2025-07-11 00:49:47 CEST.

Flavor Version Tinstall Tcheck Ttotal Status Flags
r-devel-linux-x86_64-debian-clang 0.2.2 1.91 39.72 41.63 OK
r-devel-linux-x86_64-debian-gcc 0.2.2 1.31 28.08 29.39 OK
r-devel-linux-x86_64-fedora-clang 0.2.2 63.34 OK
r-devel-linux-x86_64-fedora-gcc 0.2.2 77.87 OK
r-devel-windows-x86_64 0.2.2 3.00 55.00 58.00 OK
r-patched-linux-x86_64 0.2.2 1.76 35.61 37.37 OK
r-release-linux-x86_64 0.2.2 1.82 36.36 38.18 OK
r-release-macos-arm64 0.2.2 37.00 OK
r-release-macos-x86_64 0.2.2 63.00 OK
r-release-windows-x86_64 0.2.2 4.00 55.00 59.00 OK
r-oldrel-macos-arm64 0.2.2 26.00 NOTE
r-oldrel-macos-x86_64 0.2.2 42.00 NOTE
r-oldrel-windows-x86_64 0.2.2 4.00 66.00 70.00 NOTE

Check Details

Version: 0.2.2
Check: LazyData
Result: NOTE 'LazyData' is specified without a 'data' directory Flavors: r-oldrel-macos-arm64, r-oldrel-macos-x86_64, r-oldrel-windows-x86_64

mirror server hosted at Truenetwork, Russian Federation.