CRAN Package Check Results for Package fuzzr

Last updated on 2025-02-22 05:51:36 CET.

Flavor Version Tinstall Tcheck Ttotal Status Flags
r-devel-linux-x86_64-debian-clang 0.2.2 1.86 37.31 39.17 OK
r-devel-linux-x86_64-debian-gcc 0.2.2 1.51 25.96 27.47 OK
r-devel-linux-x86_64-fedora-clang 0.2.2 64.49 OK
r-devel-linux-x86_64-fedora-gcc 0.2.2 74.80 OK
r-devel-macos-arm64 0.2.2 31.00 OK
r-devel-macos-x86_64 0.2.2 59.00 OK
r-devel-windows-x86_64 0.2.2 4.00 61.00 65.00 OK
r-patched-linux-x86_64 0.2.2 1.84 35.07 36.91 NOTE
r-release-linux-x86_64 0.2.2 1.88 35.69 37.57 NOTE
r-release-macos-arm64 0.2.2 26.00 NOTE
r-release-macos-x86_64 0.2.2 42.00 NOTE
r-release-windows-x86_64 0.2.2 3.00 57.00 60.00 NOTE
r-oldrel-macos-arm64 0.2.2 28.00 NOTE
r-oldrel-macos-x86_64 0.2.2 42.00 NOTE
r-oldrel-windows-x86_64 0.2.2 4.00 62.00 66.00 NOTE

Check Details

Version: 0.2.2
Check: LazyData
Result: NOTE 'LazyData' is specified without a 'data' directory Flavors: r-patched-linux-x86_64, r-release-linux-x86_64, r-release-macos-arm64, r-release-macos-x86_64, r-release-windows-x86_64, r-oldrel-macos-arm64, r-oldrel-macos-x86_64, r-oldrel-windows-x86_64

mirror server hosted at Truenetwork, Russian Federation.