CRAN Package Check Results for Package funprog

Last updated on 2025-11-28 17:48:39 CET.

Flavor Version Tinstall Tcheck Ttotal Status Flags
r-devel-linux-x86_64-debian-clang 0.3.0 1.57 23.09 24.66 OK
r-devel-linux-x86_64-debian-gcc 0.3.0 1.32 19.21 20.53 OK
r-devel-linux-x86_64-fedora-clang 0.3.0 36.54 OK
r-devel-linux-x86_64-fedora-gcc 0.3.0 33.32 OK
r-devel-windows-x86_64 0.3.0 3.00 42.00 45.00 OK
r-patched-linux-x86_64 0.3.0 1.84 20.68 22.52 OK
r-release-linux-x86_64 0.3.0 1.39 20.71 22.10 OK
r-release-macos-arm64 0.3.0 OK
r-release-macos-x86_64 0.3.0 2.00 28.00 30.00 OK
r-release-windows-x86_64 0.3.0 6.00 41.00 47.00 OK
r-oldrel-macos-arm64 0.3.0 NOTE
r-oldrel-macos-x86_64 0.3.0 2.00 22.00 24.00 NOTE
r-oldrel-windows-x86_64 0.3.0 4.00 48.00 52.00 NOTE

Check Details

Version: 0.3.0
Check: LazyData
Result: NOTE 'LazyData' is specified without a 'data' directory Flavors: r-oldrel-macos-arm64, r-oldrel-macos-x86_64, r-oldrel-windows-x86_64

mirror server hosted at Truenetwork, Russian Federation.