CRAN Package Check Results for Package ftsspec

Last updated on 2025-02-22 05:51:36 CET.

Flavor Version Tinstall Tcheck Ttotal Status Flags
r-devel-linux-x86_64-debian-clang 1.0.0 2.54 23.82 26.36 NOTE
r-devel-linux-x86_64-debian-gcc 1.0.0 1.97 19.03 21.00 NOTE
r-devel-linux-x86_64-fedora-clang 1.0.0 43.21 NOTE
r-devel-linux-x86_64-fedora-gcc 1.0.0 40.54 NOTE
r-devel-macos-arm64 1.0.0 18.00 NOTE
r-devel-macos-x86_64 1.0.0 28.00 NOTE
r-devel-windows-x86_64 1.0.0 4.00 52.00 56.00 NOTE
r-patched-linux-x86_64 1.0.0 2.69 23.19 25.88 NOTE
r-release-linux-x86_64 1.0.0 2.47 22.98 25.45 NOTE
r-release-macos-arm64 1.0.0 16.00 NOTE
r-release-macos-x86_64 1.0.0 24.00 NOTE
r-release-windows-x86_64 1.0.0 4.00 53.00 57.00 NOTE
r-oldrel-macos-arm64 1.0.0 20.00 NOTE
r-oldrel-macos-x86_64 1.0.0 24.00 NOTE
r-oldrel-windows-x86_64 1.0.0 4.00 54.00 58.00 NOTE

Check Details

Version: 1.0.0
Check: Rd files
Result: NOTE checkRd: (-1) Spec_compare_localize_freq.Rd:49: Escaped LaTeX specials: \& checkRd: (-1) Spec_compare_localize_freq.Rd:52: Escaped LaTeX specials: \& Flavors: r-devel-linux-x86_64-debian-clang, r-devel-linux-x86_64-debian-gcc, r-devel-linux-x86_64-fedora-clang, r-devel-linux-x86_64-fedora-gcc, r-devel-macos-arm64, r-devel-macos-x86_64, r-devel-windows-x86_64, r-patched-linux-x86_64, r-release-linux-x86_64, r-release-macos-arm64, r-release-macos-x86_64, r-release-windows-x86_64, r-oldrel-macos-arm64, r-oldrel-macos-x86_64, r-oldrel-windows-x86_64

Version: 1.0.0
Check: LazyData
Result: NOTE 'LazyData' is specified without a 'data' directory Flavors: r-patched-linux-x86_64, r-release-linux-x86_64, r-release-macos-arm64, r-release-macos-x86_64, r-release-windows-x86_64, r-oldrel-macos-arm64, r-oldrel-macos-x86_64, r-oldrel-windows-x86_64

mirror server hosted at Truenetwork, Russian Federation.