Last updated on 2025-11-04 11:52:31 CET.
| Flavor | Version | Tinstall | Tcheck | Ttotal | Status | Flags | 
|---|---|---|---|---|---|---|
| r-devel-linux-x86_64-debian-clang | 0.1.8 | 45.78 | 132.46 | 178.24 | NOTE | |
| r-devel-linux-x86_64-debian-gcc | 0.1.8 | 37.21 | 92.42 | 129.63 | NOTE | |
| r-devel-linux-x86_64-fedora-clang | 0.1.8 | 131.00 | 145.08 | 276.08 | NOTE | |
| r-devel-linux-x86_64-fedora-gcc | 0.1.8 | 114.00 | 191.33 | 305.33 | NOTE | |
| r-devel-windows-x86_64 | 0.1.8 | 48.00 | 168.00 | 216.00 | NOTE | |
| r-patched-linux-x86_64 | 0.1.8 | 50.84 | 130.75 | 181.59 | NOTE | |
| r-release-linux-x86_64 | 0.1.8 | 49.32 | 130.32 | 179.64 | NOTE | |
| r-release-macos-arm64 | 0.1.8 | 22.00 | 71.00 | 93.00 | NOTE | |
| r-release-macos-x86_64 | 0.1.8 | 48.00 | 133.00 | 181.00 | NOTE | |
| r-release-windows-x86_64 | 0.1.8 | 45.00 | 165.00 | 210.00 | NOTE | |
| r-oldrel-macos-arm64 | 0.1.8 | 19.00 | 57.00 | 76.00 | NOTE | |
| r-oldrel-macos-x86_64 | 0.1.8 | 33.00 | 93.00 | 126.00 | NOTE | |
| r-oldrel-windows-x86_64 | 0.1.8 | 55.00 | 209.00 | 264.00 | NOTE | 
Version: 0.1.8
Check: CRAN incoming feasibility
Result: NOTE
  Maintainer: ‘Xin Zhou <xxz220@miami.edu>’
  
  No Authors@R field in DESCRIPTION.
  Please add one, modifying
    Authors@R: c(person(given = "Xin",
                        family = "Zhou",
                        role = c("aut", "cre"),
                        email = "xxz220@miami.edu"),
                 person(given = "Xiaodong",
                        family = "Cai",
                        role = "aut"))
  as necessary.
Flavors: r-devel-linux-x86_64-debian-clang, r-devel-linux-x86_64-debian-gcc
Version: 0.1.8
Check: C++ specification
Result: NOTE
    Specified C++11: please drop specification unless essential
Flavors: r-devel-linux-x86_64-debian-clang, r-devel-linux-x86_64-debian-gcc, r-devel-linux-x86_64-fedora-clang, r-devel-linux-x86_64-fedora-gcc, r-devel-windows-x86_64, r-patched-linux-x86_64, r-release-linux-x86_64, r-release-macos-arm64, r-release-macos-x86_64, r-release-windows-x86_64, r-oldrel-macos-arm64, r-oldrel-macos-x86_64, r-oldrel-windows-x86_64
Version: 0.1.8
Check: dependencies in R code
Result: NOTE
  Namespace in Imports field not imported from: ‘qpdf’
    All declared Imports should be used.
Flavors: r-devel-linux-x86_64-fedora-clang, r-devel-linux-x86_64-fedora-gcc
Version: 0.1.8
Check: installed package size
Result: NOTE
    installed size is 20.4Mb
    sub-directories of 1Mb or more:
      libs  19.7Mb
Flavors: r-oldrel-macos-arm64, r-oldrel-macos-x86_64