Last updated on 2025-05-27 18:49:50 CEST.
Flavor | Version | Tinstall | Tcheck | Ttotal | Status | Flags |
---|---|---|---|---|---|---|
r-devel-linux-x86_64-debian-clang | 0.2.1 | 12.12 | 30.99 | 43.11 | NOTE | |
r-devel-linux-x86_64-debian-gcc | 0.2.1 | 8.51 | 24.34 | 32.85 | NOTE | |
r-devel-linux-x86_64-fedora-clang | 0.2.1 | 73.33 | NOTE | |||
r-devel-linux-x86_64-fedora-gcc | 0.2.1 | 64.95 | NOTE | |||
r-devel-windows-x86_64 | 0.2.1 | 15.00 | 66.00 | 81.00 | NOTE | |
r-patched-linux-x86_64 | 0.2.1 | 12.41 | 28.09 | 40.50 | NOTE | |
r-release-linux-x86_64 | 0.2.1 | 12.37 | 28.92 | 41.29 | NOTE | |
r-release-macos-arm64 | 0.2.1 | 25.00 | NOTE | |||
r-release-macos-x86_64 | 0.2.1 | 37.00 | NOTE | |||
r-release-windows-x86_64 | 0.2.1 | 15.00 | 64.00 | 79.00 | NOTE | |
r-oldrel-macos-arm64 | 0.2.1 | 25.00 | NOTE | |||
r-oldrel-macos-x86_64 | 0.2.1 | 33.00 | NOTE | |||
r-oldrel-windows-x86_64 | 0.2.1 | 17.00 | 78.00 | 95.00 | NOTE |
Version: 0.2.1
Check: C++ specification
Result: NOTE
Specified C++11: please drop specification unless essential
Flavors: r-devel-linux-x86_64-debian-clang, r-devel-linux-x86_64-debian-gcc, r-devel-linux-x86_64-fedora-clang, r-devel-linux-x86_64-fedora-gcc, r-devel-windows-x86_64, r-patched-linux-x86_64, r-release-linux-x86_64, r-release-macos-arm64, r-release-macos-x86_64, r-release-windows-x86_64, r-oldrel-macos-arm64, r-oldrel-macos-x86_64, r-oldrel-windows-x86_64