CRAN Package Check Results for Package fractional

Last updated on 2025-02-22 11:51:27 CET.

Flavor Version Tinstall Tcheck Ttotal Status Flags
r-devel-linux-x86_64-debian-clang 0.1.3 10.38 34.26 44.64 OK
r-devel-linux-x86_64-debian-gcc 0.1.3 7.35 28.05 35.40 OK
r-devel-linux-x86_64-fedora-clang 0.1.3 76.69 NOTE
r-devel-linux-x86_64-fedora-gcc 0.1.3 87.44 NOTE
r-devel-macos-arm64 0.1.3 32.00 OK
r-devel-macos-x86_64 0.1.3 55.00 OK
r-devel-windows-x86_64 0.1.3 12.00 69.00 81.00 OK
r-patched-linux-x86_64 0.1.3 10.01 33.51 43.52 NOTE
r-release-linux-x86_64 0.1.3 9.73 33.28 43.01 NOTE
r-release-macos-arm64 0.1.3 36.00 NOTE
r-release-macos-x86_64 0.1.3 47.00 NOTE
r-release-windows-x86_64 0.1.3 15.00 71.00 86.00 NOTE
r-oldrel-macos-arm64 0.1.3 34.00 NOTE
r-oldrel-macos-x86_64 0.1.3 52.00 NOTE
r-oldrel-windows-x86_64 0.1.3 15.00 81.00 96.00 NOTE

Check Details

Version: 0.1.3
Check: compiled code
Result: NOTE File ‘fractional/libs/fractional.so’: Found no calls to: ‘R_registerRoutines’, ‘R_useDynamicSymbols’ It is good practice to register native routines and to disable symbol search. See ‘Writing portable packages’ in the ‘Writing R Extensions’ manual. Flavors: r-devel-linux-x86_64-fedora-clang, r-devel-linux-x86_64-fedora-gcc

Version: 0.1.3
Check: LazyData
Result: NOTE 'LazyData' is specified without a 'data' directory Flavors: r-patched-linux-x86_64, r-release-linux-x86_64, r-release-macos-arm64, r-release-macos-x86_64, r-release-windows-x86_64, r-oldrel-macos-arm64, r-oldrel-macos-x86_64, r-oldrel-windows-x86_64

mirror server hosted at Truenetwork, Russian Federation.