CRAN Package Check Results for Package fossil

Last updated on 2025-05-21 00:51:34 CEST.

Flavor Version Tinstall Tcheck Ttotal Status Flags
r-devel-linux-x86_64-debian-clang 0.4.0 4.67 39.52 44.19 NOTE
r-devel-linux-x86_64-debian-gcc 0.4.0 3.42 29.55 32.97 NOTE
r-devel-linux-x86_64-fedora-clang 0.4.0 67.99 OK
r-devel-linux-x86_64-fedora-gcc 0.4.0 64.34 OK
r-devel-windows-x86_64 0.4.0 5.00 76.00 81.00 OK
r-patched-linux-x86_64 0.4.0 4.70 37.52 42.22 OK
r-release-linux-x86_64 0.4.0 4.87 37.96 42.83 OK
r-release-macos-arm64 0.4.0 23.00 OK
r-release-macos-x86_64 0.4.0 36.00 OK
r-release-windows-x86_64 0.4.0 6.00 63.00 69.00 OK
r-oldrel-macos-arm64 0.4.0 26.00 OK
r-oldrel-macos-x86_64 0.4.0 32.00 OK
r-oldrel-windows-x86_64 0.4.0 6.00 72.00 78.00 OK

Check Details

Version: 0.4.0
Check: CRAN incoming feasibility
Result: NOTE Maintainer: ‘Matthew J. Vavrek <matthew@matthewvavrek.com>’ No Authors@R field in DESCRIPTION. Please add one, modifying Authors@R: person(given = c("Matthew", "J."), family = "Vavrek", role = c("aut", "cre"), email = "matthew@matthewvavrek.com") as necessary. Package CITATION file contains call(s) to old-style citEntry(). Please use bibentry() instead. Flavors: r-devel-linux-x86_64-debian-clang, r-devel-linux-x86_64-debian-gcc

mirror server hosted at Truenetwork, Russian Federation.