CRAN Package Check Results for Package footprint

Last updated on 2025-07-16 07:49:05 CEST.

Flavor Version Tinstall Tcheck Ttotal Status Flags
r-devel-linux-x86_64-debian-clang 0.2 3.44 42.96 46.40 NOTE
r-devel-linux-x86_64-debian-gcc 0.2 2.53 31.98 34.51 NOTE
r-devel-linux-x86_64-fedora-clang 0.2 70.39 NOTE
r-devel-linux-x86_64-fedora-gcc 0.2 82.28 NOTE
r-devel-windows-x86_64 0.2 5.00 59.00 64.00 NOTE
r-patched-linux-x86_64 0.2 3.52 39.44 42.96 NOTE
r-release-linux-x86_64 0.2 3.92 39.91 43.83 NOTE
r-release-macos-arm64 0.2 38.00 NOTE
r-release-macos-x86_64 0.2 59.00 NOTE
r-release-windows-x86_64 0.2 7.00 66.00 73.00 NOTE
r-oldrel-macos-arm64 0.2 34.00 OK
r-oldrel-macos-x86_64 0.2 73.00 OK
r-oldrel-windows-x86_64 0.2 7.00 68.00 75.00 OK

Check Details

Version: 0.2
Check: DESCRIPTION meta-information
Result: NOTE Missing dependency on R >= 4.1.0 because package code uses the pipe |> or function shorthand \(...) syntax added in R 4.1.0. File(s) using such syntax: ‘airport_footprint.R’ ‘airport_footprint.Rd’ ‘latlong_footprint.R’ ‘latlong_footprint.Rd’ Flavors: r-devel-linux-x86_64-debian-clang, r-devel-linux-x86_64-debian-gcc, r-devel-linux-x86_64-fedora-clang, r-devel-linux-x86_64-fedora-gcc, r-devel-windows-x86_64, r-patched-linux-x86_64, r-release-linux-x86_64, r-release-macos-arm64, r-release-macos-x86_64, r-release-windows-x86_64

mirror server hosted at Truenetwork, Russian Federation.