Last updated on 2025-11-04 05:51:11 CET.
| Flavor | Version | Tinstall | Tcheck | Ttotal | Status | Flags | 
|---|---|---|---|---|---|---|
| r-devel-linux-x86_64-debian-clang | 1.0.0 | 1.65 | 20.77 | 22.42 | NOTE | |
| r-devel-linux-x86_64-debian-gcc | 1.0.0 | 1.48 | 16.84 | 18.32 | NOTE | |
| r-devel-linux-x86_64-fedora-clang | 1.0.0 | 33.60 | OK | |||
| r-devel-linux-x86_64-fedora-gcc | 1.0.0 | 30.86 | OK | |||
| r-devel-windows-x86_64 | 1.0.0 | 3.00 | 40.00 | 43.00 | OK | |
| r-patched-linux-x86_64 | 1.0.0 | 1.80 | 19.85 | 21.65 | OK | |
| r-release-linux-x86_64 | 1.0.0 | 1.68 | 19.89 | 21.57 | OK | |
| r-release-macos-arm64 | 1.0.0 | 1.00 | 16.00 | 17.00 | OK | |
| r-release-macos-x86_64 | 1.0.0 | 1.00 | 25.00 | 26.00 | OK | |
| r-release-windows-x86_64 | 1.0.0 | 3.00 | 41.00 | 44.00 | OK | |
| r-oldrel-macos-arm64 | 1.0.0 | 1.00 | 14.00 | 15.00 | OK | |
| r-oldrel-macos-x86_64 | 1.0.0 | 1.00 | 20.00 | 21.00 | OK | |
| r-oldrel-windows-x86_64 | 1.0.0 | 3.00 | 43.00 | 46.00 | OK | 
Version: 1.0.0
Check: CRAN incoming feasibility
Result: NOTE
  Maintainer: ‘Leo N. Geppert <geppert@statistik.uni-dortmund.de>’
  
  No Authors@R field in DESCRIPTION.
  Please add one, modifying
    Authors@R: c(person(given = c("Leo", "N."),
                        family = "Geppert",
                        role = c("aut", "cre"),
                        email = "geppert@statistik.uni-dortmund.de"),
                 person(given = "Peter",
                        family = "Gnändinger",
                        role = "ctb"),
                 person(given = "Katja",
                        family = "Ickstadt",
                        role = "ctb"),
                 person(given = "Björn",
                        family = "Bornkamp",
                        role = "ctb"),
                 person(given = "Arno",
                        family = "Fritsch",
                        role = "ctb"),
                 person(given = "Oliver",
                        family = "Kuß",
                        role = "ctb"))
  as necessary.
Flavors: r-devel-linux-x86_64-debian-clang, r-devel-linux-x86_64-debian-gcc