Last updated on 2025-05-28 00:49:01 CEST.
Flavor | Version | Tinstall | Tcheck | Ttotal | Status | Flags |
---|---|---|---|---|---|---|
r-devel-linux-x86_64-debian-clang | 2.0.0 | 32.30 | 168.62 | 200.92 | OK | |
r-devel-linux-x86_64-debian-gcc | 2.0.0 | 24.62 | 120.23 | 144.85 | OK | |
r-devel-linux-x86_64-fedora-clang | 2.0.0 | 310.68 | OK | |||
r-devel-linux-x86_64-fedora-gcc | 2.0.0 | 305.80 | OK | |||
r-devel-windows-x86_64 | 2.0.0 | 28.00 | 157.00 | 185.00 | OK | |
r-patched-linux-x86_64 | 2.0.0 | 31.31 | 163.03 | 194.34 | OK | |
r-release-linux-x86_64 | 2.0.0 | 34.09 | 161.54 | 195.63 | OK | |
r-release-macos-arm64 | 2.0.0 | 89.00 | OK | |||
r-release-macos-x86_64 | 2.0.0 | 179.00 | OK | |||
r-release-windows-x86_64 | 2.0.0 | 30.00 | 153.00 | 183.00 | OK | |
r-oldrel-macos-arm64 | 2.0.0 | 112.00 | NOTE | |||
r-oldrel-macos-x86_64 | 2.0.0 | 181.00 | NOTE | |||
r-oldrel-windows-x86_64 | 2.0.0 | 39.00 | 198.00 | 237.00 | NOTE |
Version: 2.0.0
Check: package dependencies
Result: NOTE
Package suggested but not available for checking: ‘cmdstanr’
Flavors: r-oldrel-macos-arm64, r-oldrel-macos-x86_64, r-oldrel-windows-x86_64
Version: 2.0.0
Check: Rd cross-references
Result: NOTE
Package unavailable to check Rd xrefs: ‘cmdstanr’
Flavors: r-oldrel-macos-arm64, r-oldrel-macos-x86_64, r-oldrel-windows-x86_64