CRAN Package Check Results for Package fontquiver

Last updated on 2025-07-16 07:49:05 CEST.

Flavor Version Tinstall Tcheck Ttotal Status Flags
r-devel-linux-x86_64-debian-clang 0.2.1 2.20 22.00 24.20 OK
r-devel-linux-x86_64-debian-gcc 0.2.1 1.51 17.77 19.28 OK
r-devel-linux-x86_64-fedora-clang 0.2.1 37.67 OK
r-devel-linux-x86_64-fedora-gcc 0.2.1 36.04 OK
r-devel-windows-x86_64 0.2.1 3.00 43.00 46.00 OK
r-patched-linux-x86_64 0.2.1 2.06 20.66 22.72 OK
r-release-linux-x86_64 0.2.1 2.06 20.95 23.01 OK
r-release-macos-arm64 0.2.1 20.00 OK
r-release-macos-x86_64 0.2.1 26.00 OK
r-release-windows-x86_64 0.2.1 5.00 51.00 56.00 OK
r-oldrel-macos-arm64 0.2.1 17.00 NOTE
r-oldrel-macos-x86_64 0.2.1 26.00 NOTE
r-oldrel-windows-x86_64 0.2.1 3.00 49.00 52.00 NOTE

Check Details

Version: 0.2.1
Check: LazyData
Result: NOTE 'LazyData' is specified without a 'data' directory Flavors: r-oldrel-macos-arm64, r-oldrel-macos-x86_64, r-oldrel-windows-x86_64

mirror server hosted at Truenetwork, Russian Federation.