CRAN Package Check Results for Package fmpcloudr

Last updated on 2025-05-23 00:50:14 CEST.

Flavor Version Tinstall Tcheck Ttotal Status Flags
r-devel-linux-x86_64-debian-clang 0.1.5 2.51 28.00 30.51 OK
r-devel-linux-x86_64-debian-gcc 0.1.5 2.02 20.99 23.01 OK
r-devel-linux-x86_64-fedora-clang 0.1.5 44.70 OK
r-devel-linux-x86_64-fedora-gcc 0.1.5 42.64 OK
r-devel-windows-x86_64 0.1.5 6.00 57.00 63.00 OK
r-patched-linux-x86_64 0.1.5 3.26 25.14 28.40 OK
r-release-linux-x86_64 0.1.5 2.60 24.96 27.56 OK
r-release-macos-arm64 0.1.5 19.00 OK
r-release-macos-x86_64 0.1.5 30.00 OK
r-release-windows-x86_64 0.1.5 6.00 100.00 106.00 OK
r-oldrel-macos-arm64 0.1.5 20.00 NOTE
r-oldrel-macos-x86_64 0.1.5 38.00 NOTE
r-oldrel-windows-x86_64 0.1.5 6.00 59.00 65.00 NOTE

Check Details

Version: 0.1.5
Check: LazyData
Result: NOTE 'LazyData' is specified without a 'data' directory Flavors: r-oldrel-macos-arm64, r-oldrel-macos-x86_64, r-oldrel-windows-x86_64

mirror server hosted at Truenetwork, Russian Federation.