CRAN Package Check Results for Package flowmapblue

Last updated on 2025-07-12 12:48:28 CEST.

Flavor Version Tinstall Tcheck Ttotal Status Flags
r-devel-linux-x86_64-debian-clang 0.0.2 2.27 36.11 38.38 OK
r-devel-linux-x86_64-debian-gcc 0.0.2 1.96 28.33 30.29 OK
r-devel-linux-x86_64-fedora-clang 0.0.2 59.24 OK
r-devel-linux-x86_64-fedora-gcc 0.0.2 71.34 OK
r-devel-windows-x86_64 0.0.2 5.00 54.00 59.00 OK
r-patched-linux-x86_64 0.0.2 2.55 32.92 35.47 OK
r-release-linux-x86_64 0.0.2 2.52 32.79 35.31 OK
r-release-macos-arm64 0.0.2 34.00 OK
r-release-macos-x86_64 0.0.2 49.00 OK
r-release-windows-x86_64 0.0.2 6.00 56.00 62.00 OK
r-oldrel-macos-arm64 0.0.2 26.00 NOTE
r-oldrel-macos-x86_64 0.0.2 52.00 NOTE
r-oldrel-windows-x86_64 0.0.2 5.00 59.00 64.00 NOTE

Check Details

Version: 0.0.2
Check: installed package size
Result: NOTE installed size is 5.0Mb sub-directories of 1Mb or more: htmlwidgets 3.9Mb Flavors: r-oldrel-macos-arm64, r-oldrel-macos-x86_64, r-oldrel-windows-x86_64

mirror server hosted at Truenetwork, Russian Federation.