Last updated on 2025-05-28 00:49:01 CEST.
Flavor | Version | Tinstall | Tcheck | Ttotal | Status | Flags |
---|---|---|---|---|---|---|
r-devel-linux-x86_64-debian-clang | 0.0.4 | 38.05 | 82.66 | 120.71 | OK | |
r-devel-linux-x86_64-debian-gcc | 0.0.4 | 30.07 | 56.96 | 87.03 | OK | |
r-devel-linux-x86_64-fedora-clang | 0.0.4 | 22.01 | ERROR | |||
r-devel-linux-x86_64-fedora-gcc | 0.0.5 | 216.42 | OK | |||
r-devel-windows-x86_64 | 0.0.4 | 101.00 | 142.00 | 243.00 | OK | |
r-patched-linux-x86_64 | 0.0.4 | 42.72 | 77.92 | 120.64 | OK | |
r-release-linux-x86_64 | 0.0.4 | 41.44 | 77.05 | 118.49 | OK | |
r-release-macos-arm64 | 0.0.5 | 91.00 | OK | |||
r-release-macos-x86_64 | 0.0.5 | 149.00 | OK | |||
r-release-windows-x86_64 | 0.0.4 | 99.00 | 147.00 | 246.00 | OK | |
r-oldrel-macos-arm64 | 0.0.5 | 89.00 | NOTE | |||
r-oldrel-macos-x86_64 | 0.0.4 | 157.00 | NOTE | |||
r-oldrel-windows-x86_64 | 0.0.4 | 104.00 | 147.00 | 251.00 | NOTE |
Version: 0.0.4
Check: whether package can be installed
Result: ERROR
Installation failed.
Flavor: r-devel-linux-x86_64-fedora-clang
Version: 0.0.5
Check: installed package size
Result: NOTE
installed size is 13.4Mb
sub-directories of 1Mb or more:
libs 12.5Mb
Flavor: r-oldrel-macos-arm64
Version: 0.0.4
Check: installed package size
Result: NOTE
installed size is 15.1Mb
sub-directories of 1Mb or more:
libs 14.3Mb
Flavors: r-oldrel-macos-x86_64, r-oldrel-windows-x86_64