CRAN Package Check Results for Package flashCard

Last updated on 2025-05-22 12:50:00 CEST.

Flavor Version Tinstall Tcheck Ttotal Status Flags
r-devel-linux-x86_64-debian-clang 0.1.0 2.10 27.00 29.10 OK
r-devel-linux-x86_64-debian-gcc 0.1.0 1.95 21.55 23.50 OK
r-devel-linux-x86_64-fedora-clang 0.1.0 44.86 OK
r-devel-linux-x86_64-fedora-gcc 0.1.0 56.77 OK
r-devel-windows-x86_64 0.1.0 5.00 60.00 65.00 OK
r-patched-linux-x86_64 0.1.0 2.07 24.57 26.64 OK
r-release-linux-x86_64 0.1.0 2.32 24.50 26.82 OK
r-release-macos-arm64 0.1.0 50.00 OK
r-release-macos-x86_64 0.1.0 64.00 OK
r-release-windows-x86_64 0.1.0 4.00 68.00 72.00 OK
r-oldrel-macos-arm64 0.1.0 23.00 NOTE
r-oldrel-macos-x86_64 0.1.0 35.00 NOTE
r-oldrel-windows-x86_64 0.1.0 5.00 51.00 56.00 NOTE

Check Details

Version: 0.1.0
Check: LazyData
Result: NOTE 'LazyData' is specified without a 'data' directory Flavors: r-oldrel-macos-arm64, r-oldrel-macos-x86_64, r-oldrel-windows-x86_64

mirror server hosted at Truenetwork, Russian Federation.