Last updated on 2025-05-29 00:48:20 CEST.
Flavor | Version | Tinstall | Tcheck | Ttotal | Status | Flags |
---|---|---|---|---|---|---|
r-devel-linux-x86_64-debian-clang | 0.3.2 | 1.66 | 29.93 | 31.59 | NOTE | |
r-devel-linux-x86_64-debian-gcc | 0.3.2 | 1.49 | 24.24 | 25.73 | NOTE | |
r-devel-linux-x86_64-fedora-clang | 0.3.2 | 49.46 | OK | |||
r-devel-linux-x86_64-fedora-gcc | 0.3.2 | 59.77 | OK | |||
r-devel-windows-x86_64 | 0.3.2 | 3.00 | 63.00 | 66.00 | OK | |
r-patched-linux-x86_64 | 0.3.2 | 1.97 | 27.53 | 29.50 | OK | |
r-release-linux-x86_64 | 0.3.2 | 1.94 | 27.49 | 29.43 | OK | |
r-release-macos-arm64 | 0.3.2 | 30.00 | OK | |||
r-release-macos-x86_64 | 0.3.2 | 48.00 | OK | |||
r-release-windows-x86_64 | 0.3.2 | 4.00 | 63.00 | 67.00 | OK | |
r-oldrel-macos-arm64 | 0.3.2 | 28.00 | OK | |||
r-oldrel-macos-x86_64 | 0.3.2 | 41.00 | OK | |||
r-oldrel-windows-x86_64 | 0.3.2 | 3.00 | 68.00 | 71.00 | OK |
Version: 0.3.2
Check: CRAN incoming feasibility
Result: NOTE
Maintainer: ‘Mátyás Mészáros <matyas.meszaros@ec.europa.eu>’
Found the following (possibly) invalid file URI:
URI: vignettes/flagr_introduction.pdf
From: README.md
Flavors: r-devel-linux-x86_64-debian-clang, r-devel-linux-x86_64-debian-gcc