Last updated on 2025-11-04 05:51:11 CET.
| Flavor | Version | Tinstall | Tcheck | Ttotal | Status | Flags | 
|---|---|---|---|---|---|---|
| r-devel-linux-x86_64-debian-clang | 0.13.2 | 108.54 | 324.42 | 432.96 | OK | |
| r-devel-linux-x86_64-debian-gcc | 0.13.2 | 73.40 | 210.53 | 283.93 | OK | |
| r-devel-linux-x86_64-fedora-clang | 0.13.2 | 543.00 | 195.85 | 738.85 | OK | |
| r-devel-linux-x86_64-fedora-gcc | 0.13.2 | 203.00 | 472.06 | 675.06 | OK | |
| r-devel-windows-x86_64 | 0.13.2 | 116.00 | 333.00 | 449.00 | OK | |
| r-patched-linux-x86_64 | 0.13.2 | 114.03 | 302.93 | 416.96 | OK | |
| r-release-linux-x86_64 | 0.13.2 | 105.59 | 305.13 | 410.72 | OK | |
| r-release-macos-arm64 | 0.13.2 | 42.00 | 134.00 | 176.00 | OK | |
| r-release-macos-x86_64 | 0.13.2 | 57.00 | 259.00 | 316.00 | OK | |
| r-release-windows-x86_64 | 0.13.2 | 114.00 | 324.00 | 438.00 | OK | |
| r-oldrel-macos-arm64 | 0.13.2 | 45.00 | 135.00 | 180.00 | NOTE | |
| r-oldrel-macos-x86_64 | 0.13.2 | 63.00 | 263.00 | 326.00 | NOTE | |
| r-oldrel-windows-x86_64 | 0.13.2 | 146.00 | 437.00 | 583.00 | NOTE | 
Version: 0.13.2
Check: installed package size
Result: NOTE
    installed size is 13.6Mb
    sub-directories of 1Mb or more:
      R      2.0Mb
      doc    4.6Mb
      libs   5.7Mb
Flavors: r-oldrel-macos-arm64, r-oldrel-macos-x86_64, r-oldrel-windows-x86_64