Last updated on 2025-11-04 13:50:14 CET.
| Flavor | Version | Tinstall | Tcheck | Ttotal | Status | Flags |
|---|---|---|---|---|---|---|
| r-devel-linux-x86_64-debian-clang | 0.1.6 | 3.95 | 43.09 | 47.04 | NOTE | |
| r-devel-linux-x86_64-debian-gcc | 0.1.6 | 2.94 | 31.43 | 34.37 | NOTE | |
| r-devel-linux-x86_64-fedora-clang | 0.1.6 | 19.00 | 56.19 | 75.19 | OK | |
| r-devel-linux-x86_64-fedora-gcc | 0.1.6 | 79.52 | OK | |||
| r-devel-windows-x86_64 | 0.1.6 | 6.00 | 56.00 | 62.00 | OK | |
| r-patched-linux-x86_64 | 0.1.6 | 4.42 | 38.75 | 43.17 | OK | |
| r-release-linux-x86_64 | 0.1.6 | 4.24 | 38.60 | 42.84 | OK | |
| r-release-macos-arm64 | 0.1.6 | 2.00 | 28.00 | 30.00 | OK | |
| r-release-macos-x86_64 | 0.1.6 | 6.00 | 60.00 | 66.00 | OK | |
| r-release-windows-x86_64 | 0.1.6 | 5.00 | 55.00 | 60.00 | OK | |
| r-oldrel-macos-arm64 | 0.1.6 | 2.00 | 25.00 | 27.00 | NOTE | |
| r-oldrel-macos-x86_64 | 0.1.6 | 3.00 | 40.00 | 43.00 | NOTE | |
| r-oldrel-windows-x86_64 | 0.1.6 | 9.00 | 68.00 | 77.00 | NOTE |
Version: 0.1.6
Check: CRAN incoming feasibility
Result: NOTE
Maintainer: ‘Evan Odell <evanodell91@gmail.com>’
Found the following (possibly) invalid file URI:
URI: CODE_OF_CONDUCT.md
From: README.md
Flavors: r-devel-linux-x86_64-debian-clang, r-devel-linux-x86_64-debian-gcc
Version: 0.1.6
Check: LazyData
Result: NOTE
'LazyData' is specified without a 'data' directory
Flavors: r-oldrel-macos-arm64, r-oldrel-macos-x86_64, r-oldrel-windows-x86_64