Last updated on 2025-02-22 17:49:44 CET.
Flavor | Version | Tinstall | Tcheck | Ttotal | Status | Flags |
---|---|---|---|---|---|---|
r-devel-linux-x86_64-debian-clang | 1.0 | 8.75 | 72.44 | 81.19 | NOTE | |
r-devel-linux-x86_64-debian-gcc | 1.0 | 6.50 | 53.36 | 59.86 | NOTE | |
r-devel-linux-x86_64-fedora-clang | 1.0 | 129.55 | OK | |||
r-devel-linux-x86_64-fedora-gcc | 1.0 | 121.63 | OK | |||
r-devel-macos-arm64 | 1.0 | 38.00 | OK | |||
r-devel-macos-x86_64 | 1.0 | 76.00 | OK | |||
r-devel-windows-x86_64 | 1.0 | 9.00 | 83.00 | 92.00 | NOTE | |
r-patched-linux-x86_64 | 1.0 | 11.16 | 67.37 | 78.53 | OK | |
r-release-linux-x86_64 | 1.0 | 8.10 | 68.19 | 76.29 | OK | |
r-release-macos-arm64 | 1.0 | 35.00 | OK | |||
r-release-macos-x86_64 | 1.0 | 55.00 | OK | |||
r-release-windows-x86_64 | 1.0 | 10.00 | 82.00 | 92.00 | OK | |
r-oldrel-macos-arm64 | 1.0 | 45.00 | OK | |||
r-oldrel-macos-x86_64 | 1.0 | 108.00 | OK | |||
r-oldrel-windows-x86_64 | 1.0 | 13.00 | 103.00 | 116.00 | OK |
Version: 1.0
Check: Rd cross-references
Result: NOTE
Found the following Rd file(s) with Rd \link{} targets missing package
anchors:
fpAnova.Rd: anovaBF
Please provide package anchors for all Rd \link{} targets not in the
package itself and the base packages.
Flavors: r-devel-linux-x86_64-debian-clang, r-devel-linux-x86_64-debian-gcc, r-devel-windows-x86_64