Last updated on 2025-05-23 12:49:28 CEST.
Flavor | Version | Tinstall | Tcheck | Ttotal | Status | Flags |
---|---|---|---|---|---|---|
r-devel-linux-x86_64-debian-clang | 1.2.3 | 10.12 | 70.62 | 80.74 | OK | |
r-devel-linux-x86_64-debian-gcc | 1.2.3 | 5.77 | 50.81 | 56.58 | OK | |
r-devel-linux-x86_64-fedora-clang | 1.2.3 | 129.50 | NOTE | |||
r-devel-linux-x86_64-fedora-gcc | 1.2.3 | 125.18 | NOTE | |||
r-devel-windows-x86_64 | 1.2.3 | 12.00 | 80.00 | 92.00 | OK | |
r-patched-linux-x86_64 | 1.2.3 | 8.47 | 66.91 | 75.38 | OK | |
r-release-linux-x86_64 | 1.2.3 | 9.91 | 66.84 | 76.75 | OK | |
r-release-macos-arm64 | 1.2.3 | 33.00 | OK | |||
r-release-macos-x86_64 | 1.2.3 | 67.00 | OK | |||
r-release-windows-x86_64 | 1.2.3 | 10.00 | 91.00 | 101.00 | OK | |
r-oldrel-macos-arm64 | 1.2.3 | 31.00 | OK | |||
r-oldrel-macos-x86_64 | 1.2.3 | 51.00 | OK | |||
r-oldrel-windows-x86_64 | 1.2.3 | 15.00 | 98.00 | 113.00 | OK |
Version: 1.2.3
Check: dependencies in R code
Result: NOTE
Namespaces in Imports field not imported from:
‘httr’ ‘jsonlite’
All declared Imports should be used.
Flavors: r-devel-linux-x86_64-fedora-clang, r-devel-linux-x86_64-fedora-gcc