CRAN Package Check Results for Package fgm

Last updated on 2025-04-16 18:50:05 CEST.

Flavor Version Tinstall Tcheck Ttotal Status Flags
r-devel-linux-x86_64-debian-clang 1.0 9.23 84.71 93.94 OK
r-devel-linux-x86_64-debian-gcc 1.0 7.64 61.02 68.66 OK
r-devel-linux-x86_64-fedora-clang 1.0 146.97 OK
r-devel-linux-x86_64-fedora-gcc 1.0 136.65 OK
r-devel-windows-x86_64 1.0 12.00 93.00 105.00 OK
r-patched-linux-x86_64 1.0 9.62 77.62 87.24 OK
r-release-linux-x86_64 1.0 10.01 77.30 87.31 OK
r-release-macos-arm64 1.0 44.00 OK
r-release-macos-x86_64 1.0 80.00 OK
r-release-windows-x86_64 1.0 11.00 93.00 104.00 OK
r-oldrel-macos-arm64 1.0 44.00 NOTE
r-oldrel-macos-x86_64 1.0 60.00 NOTE
r-oldrel-windows-x86_64 1.0 15.00 110.00 125.00 NOTE

Check Details

Version: 1.0
Check: LazyData
Result: NOTE 'LazyData' is specified without a 'data' directory Flavors: r-oldrel-macos-arm64, r-oldrel-macos-x86_64, r-oldrel-windows-x86_64

mirror server hosted at Truenetwork, Russian Federation.