Last updated on 2025-11-03 23:50:17 CET.
| Flavor | Version | Tinstall | Tcheck | Ttotal | Status | Flags | 
|---|---|---|---|---|---|---|
| r-devel-linux-x86_64-debian-clang | 1.2 | 42.24 | 72.80 | 115.04 | OK | |
| r-devel-linux-x86_64-debian-gcc | 1.2 | 23.52 | 53.72 | 77.24 | OK | |
| r-devel-linux-x86_64-fedora-clang | 1.2 | 88.00 | 108.53 | 196.53 | OK | |
| r-devel-linux-x86_64-fedora-gcc | 1.2 | 72.00 | 115.69 | 187.69 | OK | |
| r-devel-windows-x86_64 | 1.2 | 43.00 | 109.00 | 152.00 | OK | |
| r-patched-linux-x86_64 | 1.2 | 39.94 | 71.93 | 111.87 | OK | |
| r-release-linux-x86_64 | 1.2 | 38.39 | 69.31 | 107.70 | OK | |
| r-release-macos-arm64 | 1.2 | 14.00 | 41.00 | 55.00 | OK | |
| r-release-macos-x86_64 | 1.2 | 55.00 | 166.00 | 221.00 | OK | |
| r-release-windows-x86_64 | 1.2 | 43.00 | 103.00 | 146.00 | OK | |
| r-oldrel-macos-arm64 | 1.2 | 18.00 | 131.00 | 149.00 | OK | |
| r-oldrel-macos-x86_64 | 1.2 | 37.00 | 179.00 | 216.00 | OK | |
| r-oldrel-windows-x86_64 | 1.2 | 53.00 | 123.00 | 176.00 | WARN | 
Version: 1.2
Check: re-building of vignette outputs
Result: WARN
  Error(s) in re-building vignettes:
  --- re-building 'fdesigns_vignette.Rmd' using rmarkdown
  ! LaTeX Error: \begin{document} ended by \end{verbatim}.
  
  Error: processing vignette 'fdesigns_vignette.Rmd' failed with diagnostics:
  LaTeX failed to compile D:/RCompile/CRANpkg/local/4.4/fdesigns.Rcheck/vign_test/fdesigns/vignettes/fdesigns_vignette.tex. See https://yihui.org/tinytex/r/#debugging for debugging tips. See fdesigns_vignette.log for more info.
  --- failed re-building 'fdesigns_vignette.Rmd'
  
  SUMMARY: processing the following file failed:
    'fdesigns_vignette.Rmd'
  
  Error: Vignette re-building failed.
  Execution halted
Flavor: r-oldrel-windows-x86_64