Last updated on 2025-11-04 11:52:30 CET.
| Flavor | Version | Tinstall | Tcheck | Ttotal | Status | Flags | 
|---|---|---|---|---|---|---|
| r-devel-linux-x86_64-debian-clang | 0.2.1 | 8.05 | 45.74 | 53.79 | NOTE | |
| r-devel-linux-x86_64-debian-gcc | 0.2.1 | 4.85 | 34.26 | 39.11 | NOTE | |
| r-devel-linux-x86_64-fedora-clang | 0.2.1 | 34.00 | 55.99 | 89.99 | NOTE | |
| r-devel-linux-x86_64-fedora-gcc | 0.2.1 | 16.00 | 77.28 | 93.28 | NOTE | |
| r-devel-windows-x86_64 | 0.2.1 | 14.00 | 71.00 | 85.00 | NOTE | |
| r-patched-linux-x86_64 | 0.2.1 | 7.59 | 43.68 | 51.27 | NOTE | |
| r-release-linux-x86_64 | 0.2.1 | 6.69 | 43.06 | 49.75 | NOTE | |
| r-release-macos-arm64 | 0.2.1 | 4.00 | 30.00 | 34.00 | NOTE | |
| r-release-macos-x86_64 | 0.2.1 | 8.00 | 65.00 | 73.00 | NOTE | |
| r-release-windows-x86_64 | 0.2.1 | 12.00 | 68.00 | 80.00 | NOTE | |
| r-oldrel-macos-arm64 | 0.2.1 | 4.00 | 28.00 | 32.00 | NOTE | |
| r-oldrel-macos-x86_64 | 0.2.1 | 7.00 | 52.00 | 59.00 | NOTE | |
| r-oldrel-windows-x86_64 | 0.2.1 | 12.00 | 81.00 | 93.00 | NOTE | 
Version: 0.2.1
Check: Rd files
Result: NOTE
  checkRd: (-1) simulation_model9.Rd:47: Lost braces; missing escapes or markup?
      47 | \item{ci}{A vector of 2 values containing $c_{1i}$ and $c_{2i}$ in the contamination
         |                                              ^
  checkRd: (-1) simulation_model9.Rd:47: Lost braces; missing escapes or markup?
      47 | \item{ci}{A vector of 2 values containing $c_{1i}$ and $c_{2i}$ in the contamination
         |                                                           ^
Flavors: r-devel-linux-x86_64-debian-clang, r-devel-linux-x86_64-debian-gcc, r-devel-linux-x86_64-fedora-clang, r-devel-linux-x86_64-fedora-gcc, r-devel-windows-x86_64, r-patched-linux-x86_64, r-release-linux-x86_64, r-release-macos-arm64, r-release-macos-x86_64, r-release-windows-x86_64, r-oldrel-macos-arm64, r-oldrel-macos-x86_64, r-oldrel-windows-x86_64