CRAN Package Check Results for Package fdWasserstein

Last updated on 2025-05-23 12:49:28 CEST.

Flavor Version Tinstall Tcheck Ttotal Status Flags
r-devel-linux-x86_64-debian-clang 1.0 2.46 26.53 28.99 NOTE
r-devel-linux-x86_64-debian-gcc 1.0 1.87 20.78 22.65 NOTE
r-devel-linux-x86_64-fedora-clang 1.0 41.80 OK
r-devel-linux-x86_64-fedora-gcc 1.0 40.97 OK
r-devel-windows-x86_64 1.0 3.00 76.00 79.00 OK
r-patched-linux-x86_64 1.0 2.64 25.43 28.07 OK
r-release-linux-x86_64 1.0 2.52 25.11 27.63 OK
r-release-macos-arm64 1.0 20.00 OK
r-release-macos-x86_64 1.0 32.00 OK
r-release-windows-x86_64 1.0 3.00 85.00 88.00 OK
r-oldrel-macos-arm64 1.0 18.00 OK
r-oldrel-macos-x86_64 1.0 27.00 OK
r-oldrel-windows-x86_64 1.0 5.00 52.00 57.00 OK

Check Details

Version: 1.0
Check: CRAN incoming feasibility
Result: NOTE Maintainer: ‘Valentina Masarotto <v.masarotto@math.leidenuniv.nl>’ The Description field contains in Masarotto, Panaretos & Zemel (2022) <arXiv:2212.04797>. - perform a Please refer to arXiv e-prints via their arXiv DOI <doi:10.48550/arXiv.YYMM.NNNNN>. Flavors: r-devel-linux-x86_64-debian-clang, r-devel-linux-x86_64-debian-gcc

mirror server hosted at Truenetwork, Russian Federation.