CRAN Package Check Results for Package fcuk

Last updated on 2025-02-22 05:51:35 CET.

Flavor Version Tinstall Tcheck Ttotal Status Flags
r-devel-linux-x86_64-debian-clang 0.1.21 3.53 36.88 40.41 NOTE
r-devel-linux-x86_64-debian-gcc 0.1.21 2.56 27.28 29.84 NOTE
r-devel-linux-x86_64-fedora-clang 0.1.21 63.44 NOTE
r-devel-linux-x86_64-fedora-gcc 0.1.21 105.11 NOTE
r-devel-macos-arm64 0.1.21 42.00 OK
r-devel-macos-x86_64 0.1.21 84.00 OK
r-devel-windows-x86_64 0.1.21 5.00 57.00 62.00 OK
r-patched-linux-x86_64 0.1.21 3.26 33.72 36.98 NOTE
r-release-linux-x86_64 0.1.21 3.17 33.77 36.94 NOTE
r-release-macos-arm64 0.1.21 42.00 NOTE
r-release-macos-x86_64 0.1.21 66.00 NOTE
r-release-windows-x86_64 0.1.21 5.00 56.00 61.00 NOTE
r-oldrel-macos-arm64 0.1.21 40.00 NOTE
r-oldrel-macos-x86_64 0.1.21 65.00 NOTE
r-oldrel-windows-x86_64 0.1.21 5.00 62.00 67.00 NOTE

Check Details

Version: 0.1.21
Check: for non-standard things in the check directory
Result: NOTE Found the following files/directories: ‘.Rprofile’ Flavors: r-devel-linux-x86_64-debian-clang, r-devel-linux-x86_64-debian-gcc, r-devel-linux-x86_64-fedora-clang, r-devel-linux-x86_64-fedora-gcc, r-patched-linux-x86_64, r-release-linux-x86_64

Version: 0.1.21
Check: LazyData
Result: NOTE 'LazyData' is specified without a 'data' directory Flavors: r-patched-linux-x86_64, r-release-linux-x86_64, r-release-macos-arm64, r-release-macos-x86_64, r-release-windows-x86_64, r-oldrel-macos-arm64, r-oldrel-macos-x86_64, r-oldrel-windows-x86_64

mirror server hosted at Truenetwork, Russian Federation.