Last updated on 2025-11-04 05:51:10 CET.
| Flavor | Version | Tinstall | Tcheck | Ttotal | Status | Flags | 
|---|---|---|---|---|---|---|
| r-devel-linux-x86_64-debian-clang | 0.2.1 | 142.64 | 132.71 | 275.35 | OK | |
| r-devel-linux-x86_64-debian-gcc | 0.2.1 | 128.92 | 107.21 | 236.13 | OK | |
| r-devel-linux-x86_64-fedora-clang | 0.2.1 | 356.00 | 77.36 | 433.36 | OK | |
| r-devel-linux-x86_64-fedora-gcc | 0.2.1 | 392.00 | 122.10 | 514.10 | OK | |
| r-devel-windows-x86_64 | 0.2.1 | 160.00 | 155.00 | 315.00 | OK | |
| r-patched-linux-x86_64 | 0.2.1 | 160.65 | 139.25 | 299.90 | OK | |
| r-release-linux-x86_64 | 0.2.1 | 159.54 | 139.72 | 299.26 | OK | |
| r-release-macos-arm64 | 0.2.1 | 56.00 | 51.00 | 107.00 | OK | |
| r-release-macos-x86_64 | 0.2.1 | 131.00 | 99.00 | 230.00 | OK | |
| r-release-windows-x86_64 | 0.2.1 | 160.00 | 158.00 | 318.00 | OK | |
| r-oldrel-macos-arm64 | 0.2.1 | 65.00 | 64.00 | 129.00 | NOTE | |
| r-oldrel-macos-x86_64 | 0.2.1 | 145.00 | 110.00 | 255.00 | NOTE | |
| r-oldrel-windows-x86_64 | 0.2.1 | 183.00 | 199.00 | 382.00 | NOTE | 
Version: 0.2.1
Check: installed package size
Result: NOTE
    installed size is 53.3Mb
    sub-directories of 1Mb or more:
      libs  52.7Mb
Flavors: r-oldrel-macos-arm64, r-oldrel-macos-x86_64
Version: 0.2.1
Check: for GNU extensions in Makefiles
Result: NOTE
  GNU make is a SystemRequirements.
Flavors: r-oldrel-macos-arm64, r-oldrel-macos-x86_64, r-oldrel-windows-x86_64