Last updated on 2025-02-22 11:51:26 CET.
Flavor | Version | Tinstall | Tcheck | Ttotal | Status | Flags |
---|---|---|---|---|---|---|
r-devel-linux-x86_64-debian-clang | 0.1.0 | 4.09 | 2.08 | 6.17 | ERROR | |
r-devel-linux-x86_64-debian-gcc | 0.1.0 | 118.62 | 98.73 | 217.35 | OK | |
r-devel-linux-x86_64-fedora-clang | 0.1.0 | 9.55 | ERROR | |||
r-devel-linux-x86_64-fedora-gcc | 0.1.0 | 506.81 | NOTE | |||
r-devel-macos-arm64 | 0.1.0 | 115.00 | OK | |||
r-devel-macos-x86_64 | 0.1.0 | 259.00 | OK | |||
r-devel-windows-x86_64 | 0.1.0 | 134.00 | 150.00 | 284.00 | OK | |
r-patched-linux-x86_64 | 0.1.0 | 163.29 | 133.46 | 296.75 | NOTE | |
r-release-linux-x86_64 | 0.1.0 | 161.67 | 130.17 | 291.84 | NOTE | |
r-release-macos-arm64 | 0.1.0 | 65.00 | NOTE | |||
r-release-macos-x86_64 | 0.1.0 | 121.00 | NOTE | |||
r-release-windows-x86_64 | 0.1.0 | 136.00 | 150.00 | 286.00 | NOTE | |
r-oldrel-macos-arm64 | 0.1.0 | 102.00 | NOTE | |||
r-oldrel-macos-x86_64 | 0.1.0 | 144.00 | NOTE | |||
r-oldrel-windows-x86_64 | 0.1.0 | 180.00 | 183.00 | 363.00 | NOTE |
Version: 0.1.0
Check: whether package can be installed
Result: ERROR
Installation failed.
Flavors: r-devel-linux-x86_64-debian-clang, r-devel-linux-x86_64-fedora-clang
Version: 0.1.0
Check: dependencies in R code
Result: NOTE
Namespaces in Imports field not imported from:
‘RcppParallel’ ‘rstantools’
All declared Imports should be used.
Flavor: r-devel-linux-x86_64-fedora-gcc
Version: 0.1.0
Check: for GNU extensions in Makefiles
Result: NOTE
GNU make is a SystemRequirements.
Flavors: r-patched-linux-x86_64, r-release-linux-x86_64, r-release-macos-arm64, r-release-macos-x86_64, r-release-windows-x86_64, r-oldrel-macos-arm64, r-oldrel-macos-x86_64, r-oldrel-windows-x86_64
Version: 0.1.0
Check: installed package size
Result: NOTE
installed size is 48.2Mb
sub-directories of 1Mb or more:
libs 47.8Mb
Flavors: r-release-macos-arm64, r-release-macos-x86_64, r-oldrel-macos-arm64, r-oldrel-macos-x86_64