Last updated on 2025-11-04 05:51:10 CET.
| Flavor | Version | Tinstall | Tcheck | Ttotal | Status | Flags | 
|---|---|---|---|---|---|---|
| r-devel-linux-x86_64-debian-clang | 2.2 | 21.69 | 318.85 | 340.54 | NOTE | |
| r-devel-linux-x86_64-debian-gcc | 2.2 | 19.88 | 235.10 | 254.98 | NOTE | |
| r-devel-linux-x86_64-fedora-clang | 2.2 | 82.00 | 458.81 | 540.81 | OK | |
| r-devel-linux-x86_64-fedora-gcc | 2.2 | 74.00 | 462.89 | 536.89 | OK | |
| r-devel-windows-x86_64 | 2.2 | 25.00 | 274.00 | 299.00 | OK | |
| r-patched-linux-x86_64 | 2.2 | 21.76 | 315.34 | 337.10 | OK | |
| r-release-linux-x86_64 | 2.2 | 21.69 | 310.91 | 332.60 | OK | |
| r-release-macos-arm64 | 2.2 | 10.00 | 115.00 | 125.00 | OK | |
| r-release-macos-x86_64 | 2.2 | 26.00 | 237.00 | 263.00 | OK | |
| r-release-windows-x86_64 | 2.2 | 23.00 | 274.00 | 297.00 | OK | |
| r-oldrel-macos-arm64 | 2.2 | 10.00 | 117.00 | 127.00 | OK | |
| r-oldrel-macos-x86_64 | 2.2 | 15.00 | 162.00 | 177.00 | OK | |
| r-oldrel-windows-x86_64 | 2.2 | 24.00 | 366.00 | 390.00 | OK | 
Version: 2.2
Check: CRAN incoming feasibility
Result: NOTE
  Maintainer: ‘Riko Kelter <riko_k@gmx.de>’
  
  No Authors@R field in DESCRIPTION.
  Please add one, modifying
    Authors@R: person(given = "Riko",
                      family = "Kelter",
                      role = c("aut", "cre"),
                      email = "riko_k@gmx.de")
  as necessary.
Flavors: r-devel-linux-x86_64-debian-clang, r-devel-linux-x86_64-debian-gcc