Last updated on 2025-11-04 11:52:30 CET.
| Flavor | Version | Tinstall | Tcheck | Ttotal | Status | Flags | 
|---|---|---|---|---|---|---|
| r-devel-linux-x86_64-debian-clang | 1.0.0 | 7.49 | 77.73 | 85.22 | OK | |
| r-devel-linux-x86_64-debian-gcc | 1.0.0 | 6.72 | 54.35 | 61.07 | OK | |
| r-devel-linux-x86_64-fedora-clang | 1.0.0 | 18.00 | 115.82 | 133.82 | NOTE | |
| r-devel-linux-x86_64-fedora-gcc | 1.0.0 | 21.00 | 99.81 | 120.81 | NOTE | |
| r-devel-windows-x86_64 | 1.0.0 | 13.00 | 82.00 | 95.00 | OK | |
| r-patched-linux-x86_64 | 1.0.0 | 7.69 | 73.37 | 81.06 | OK | |
| r-release-linux-x86_64 | 1.0.0 | 7.65 | 63.72 | 71.37 | OK | |
| r-release-macos-arm64 | 1.0.0 | 7.00 | 60.00 | 67.00 | OK | |
| r-release-macos-x86_64 | 1.0.0 | 13.00 | 113.00 | 126.00 | OK | |
| r-release-windows-x86_64 | 1.0.0 | 12.00 | 82.00 | 94.00 | OK | |
| r-oldrel-macos-arm64 | 1.0.0 | 6.00 | 61.00 | 67.00 | OK | |
| r-oldrel-macos-x86_64 | 1.0.0 | 6.00 | 77.00 | 83.00 | OK | |
| r-oldrel-windows-x86_64 | 1.0.0 | 15.00 | 103.00 | 118.00 | OK | 
Version: 1.0.0
Check: dependencies in R code
Result: NOTE
  Namespaces in Imports field not imported from:
    ‘MASS’ ‘grDevices’ ‘utils’
    All declared Imports should be used.
Flavors: r-devel-linux-x86_64-fedora-clang, r-devel-linux-x86_64-fedora-gcc