Last updated on 2025-11-03 23:50:17 CET.
| Flavor | Version | Tinstall | Tcheck | Ttotal | Status | Flags | 
|---|---|---|---|---|---|---|
| r-devel-linux-x86_64-debian-clang | 0.2.7 | 19.04 | 29.81 | 48.85 | NOTE | |
| r-devel-linux-x86_64-debian-gcc | 0.2.7 | 16.07 | 23.45 | 39.52 | NOTE | |
| r-devel-linux-x86_64-fedora-clang | 0.2.7 | 48.00 | 40.64 | 88.64 | NOTE | |
| r-devel-linux-x86_64-fedora-gcc | 0.2.7 | 30.00 | 53.68 | 83.68 | NOTE | |
| r-devel-windows-x86_64 | 0.2.7 | 29.00 | 72.00 | 101.00 | NOTE | |
| r-patched-linux-x86_64 | 0.2.7 | 23.41 | 28.55 | 51.96 | NOTE | |
| r-release-linux-x86_64 | 0.2.7 | 23.38 | 28.77 | 52.15 | NOTE | |
| r-release-macos-arm64 | 0.2.7 | 10.00 | 20.00 | 30.00 | NOTE | |
| r-release-macos-x86_64 | 0.2.7 | 10.00 | 34.00 | 44.00 | NOTE | |
| r-release-windows-x86_64 | 0.2.7 | 28.00 | 69.00 | 97.00 | NOTE | |
| r-oldrel-macos-arm64 | 0.2.7 | 11.00 | 17.00 | 28.00 | NOTE | |
| r-oldrel-macos-x86_64 | 0.2.7 | 10.00 | 29.00 | 39.00 | NOTE | |
| r-oldrel-windows-x86_64 | 0.2.7 | 34.00 | 88.00 | 122.00 | NOTE | 
Version: 0.2.7
Check: CRAN incoming feasibility
Result: NOTE
  Maintainer: ‘Dean Bodenham <deanbodenhambsse@gmail.com>’
  
  No Authors@R field in DESCRIPTION.
  Please add one, modifying
    Authors@R: c(person(given = c("Felipe", "Llinares"),
                        family = "Lopez",
                        role = "aut"),
                 person(given = "Dean",
                        family = "Bodenham",
                        role = c("aut", "cre"),
                        email = "deanbodenhambsse@gmail.com"))
  as necessary.
Flavors: r-devel-linux-x86_64-debian-clang, r-devel-linux-x86_64-debian-gcc
Version: 0.2.7
Check: C++ specification
Result: NOTE
    Specified C++11: please drop specification unless essential
Flavors: r-devel-linux-x86_64-debian-clang, r-devel-linux-x86_64-debian-gcc, r-devel-linux-x86_64-fedora-clang, r-devel-linux-x86_64-fedora-gcc, r-devel-windows-x86_64, r-patched-linux-x86_64, r-release-linux-x86_64, r-release-macos-arm64, r-release-macos-x86_64, r-release-windows-x86_64, r-oldrel-macos-arm64, r-oldrel-macos-x86_64, r-oldrel-windows-x86_64
Version: 0.2.7
Check: compiled code
Result: NOTE
  File ‘fastcmh/libs/fastcmh.so’:
    Found no calls to: ‘R_registerRoutines’, ‘R_useDynamicSymbols’
  
  It is good practice to register native routines and to disable symbol
  search.
  
  See ‘Writing portable packages’ in the ‘Writing R Extensions’ manual.
Flavors: r-devel-linux-x86_64-fedora-clang, r-devel-linux-x86_64-fedora-gcc